{"id":13989,"date":"2024-10-29T10:56:31","date_gmt":"2024-10-29T09:56:31","guid":{"rendered":"https:\/?post_type=listing&#038;p=13989"},"modified":"2025-02-11T20:31:49","modified_gmt":"2025-02-11T19:31:49","slug":"alain-afflelou-mataro","status":"publish","type":"listing","link":"https:\/\/mataroactiva.net\/cat\/negocio\/alain-afflelou-mataro\/","title":{"rendered":"Alain Afflelou Matar\u00f3"},"content":{"rendered":"<p>\u00d3ptica Alain Afflelou Matar\u00f3 se especializa en soluciones \u00f3pticas innovadoras y a la medida de cada cliente. Su equipo profesional ofrece un servicio integral que abarca desde ex\u00e1menes de la vista hasta asesoramiento personalizado en la elecci\u00f3n de monturas y lentes, garantizando que cada persona encuentre el complemento ideal para su estilo y necesidades visuales. La combinaci\u00f3n de experiencia y un enfoque en la moda \u00f3ptica convierte a esta \u00f3ptica en una referencia en Matar\u00f3.<\/p>\n<p>Con una amplia gama de marcas reconocidas y modelos exclusivos, Alain Afflelou Matar\u00f3 asegura una oferta para todos los gustos y presupuestos. Los clientes pueden escoger entre monturas cl\u00e1sicas, elegantes y opciones modernas y de tendencia, lo cual permite que cada uno personalice su experiencia visual. Adem\u00e1s, cuentan con un servicio r\u00e1pido de adaptaci\u00f3n de lentes de contacto, brindando comodidad y soluciones \u00f3ptimas tanto para el d\u00eda a d\u00eda como para eventos especiales.<\/p>\n<p>Alain Afflelou Matar\u00f3 tambi\u00e9n destaca por sus promociones y planes de financiaci\u00f3n que facilitan el acceso a lentes y monturas de calidad a precios asequibles. Su compromiso con la innovaci\u00f3n y el servicio cercano ha ganado la fidelidad de sus clientes, quienes valoran el cuidado y la profesionalidad en cada visita.<\/p>","protected":false},"excerpt":{"rendered":"<p>\u00d3ptica Alain Afflelou Matar\u00f3 se especializa en soluciones \u00f3pticas innovadoras y a la medida de cada cliente. Su equipo profesional ofrece un servicio integral que abarca desde ex\u00e1menes de la vista hasta asesoramiento personalizado en la elecci\u00f3n de monturas y lentes, garantizando que cada persona encuentre el complemento ideal para su estilo y necesidades visuales. &hellip; <\/p>","protected":false},"author":1,"featured_media":14308,"parent":0,"menu_order":0,"comment_status":"open","ping_status":"closed","template":"","class_list":["post-13989","listing","type-listing","status-publish","has-post-thumbnail","hentry","listing_cat-opticas","listing_feature-accesibles-para-minusvalidos","listing_feature-asesoramiento-tecnico-y-estetico","listing_feature-gafas-de-proteccion","listing_feature-gafas-de-sol","listing_feature-gafas-deportivas","listing_feature-gafas-graduadas","listing_feature-gafas-infantiles","listing_feature-graduacion","listing_feature-lentes-de-contacto","listing_location-cataluna","listing_location-centro","listing_location-mataro","listing_tag-gafas","listing_tag-graduadas","listing_tag-lentes","listing_tag-lentillas","listing_tag-optica"],"_links":{"self":[{"href":"https:\/\/mataroactiva.net\/cat\/wp-json\/wp\/v2\/listing\/13989","targetHints":{"allow":["GET"]}}],"collection":[{"href":"https:\/\/mataroactiva.net\/cat\/wp-json\/wp\/v2\/listing"}],"about":[{"href":"https:\/\/mataroactiva.net\/cat\/wp-json\/wp\/v2\/types\/listing"}],"author":[{"embeddable":true,"href":"https:\/\/mataroactiva.net\/cat\/wp-json\/wp\/v2\/users\/1"}],"replies":[{"embeddable":true,"href":"https:\/\/mataroactiva.net\/cat\/wp-json\/wp\/v2\/comments?post=13989"}],"wp:featuredmedia":[{"embeddable":true,"href":"https:\/\/mataroactiva.net\/cat\/wp-json\/wp\/v2\/media\/14308"}],"wp:attachment":[{"href":"https:\/\/mataroactiva.net\/cat\/wp-json\/wp\/v2\/media?parent=13989"}],"curies":[{"name":"wp","href":"https:\/\/api.w.org\/{rel}","templated":true}]}}

Alain Afflelou Mataró

<p>Óptica Alain Afflelou Mataró se especializa en soluciones ópticas innovadoras y a la medida de cada cliente. Su equipo profesional ofrece un servicio integral que abarca desde exámenes de la vista hasta asesoramiento personalizado en la elección de monturas y lentes, garantizando que cada persona encuentre el complemento ideal para su estilo y necesidades visuales. La combinación de experiencia y un enfoque en la moda óptica convierte a esta óptica en una referencia en Mataró.</p>
<p>Con una amplia gama de marcas reconocidas y modelos exclusivos, Alain Afflelou Mataró asegura una oferta para todos los gustos y presupuestos. Los clientes pueden escoger entre monturas clásicas, elegantes y opciones modernas y de tendencia, lo cual permite que cada uno personalice su experiencia visual. Además, cuentan con un servicio rápido de adaptación de lentes de contacto, brindando comodidad y soluciones óptimas tanto para el día a día como para eventos especiales.</p>
<p>Alain Afflelou Mataró también destaca por sus promociones y planes de financiación que facilitan el acceso a lentes y monturas de calidad a precios asequibles. Su compromiso con la innovación y el servicio cercano ha ganado la fidelidad de sus clientes, quienes valoran el cuidado y la profesionalidad en cada visita.</p>

<p>Óptica Alain Afflelou Mataró se especializa en soluciones ópticas innovadoras y a la medida de cada cliente. Su equipo profesional ofrece un servicio integral que abarca desde exámenes de la vista hasta asesoramiento personalizado en la elección de monturas y lentes, garantizando que cada persona encuentre el complemento ideal para su estilo y necesidades visuales. &hellip; </p>
