{"id":13917,"date":"2024-10-25T14:26:03","date_gmt":"2024-10-25T12:26:03","guid":{"rendered":"https:\/?post_type=listing&#038;p=13917"},"modified":"2025-02-12T00:07:58","modified_gmt":"2025-02-11T23:07:58","slug":"la-mallorquina-mataro","status":"publish","type":"listing","link":"https:\/\/mataroactiva.net\/cat\/negocio\/la-mallorquina-mataro\/","title":{"rendered":"La Mallorquina Matar\u00f3"},"content":{"rendered":"<p>La Mallorquina Matar\u00f3 es el lugar ideal para quienes buscan productos de calidad para el hogar. La tienda destaca por su amplia selecci\u00f3n de textiles y accesorios decorativos, ofreciendo desde ropa de cama y toallas hasta manteler\u00eda y elementos decorativos de dise\u00f1o elegante y duradero.<\/p>\n<p>Con productos que combinan funcionalidad y estilo, La Mallorquina es una referencia en el sector textil, adapt\u00e1ndose a diferentes gustos y necesidades. Su oferta incluye tanto art\u00edculos modernos como piezas cl\u00e1sicas, ideales para darle un toque \u00fanico a cada espacio.<\/p>\n<p>Adem\u00e1s, La Mallorquina Matar\u00f3 se caracteriza por brindar una experiencia de compra agradable y asesoramiento personalizado, ayudando a los clientes a encontrar los productos perfectos para sus hogares.<\/p>","protected":false},"excerpt":{"rendered":"<p>La Mallorquina Matar\u00f3 es el lugar ideal para quienes buscan productos de calidad para el hogar. La tienda destaca por su amplia selecci\u00f3n de textiles y accesorios decorativos, ofreciendo desde ropa de cama y toallas hasta manteler\u00eda y elementos decorativos de dise\u00f1o elegante y duradero. Con productos que combinan funcionalidad y estilo, La Mallorquina es &hellip; <\/p>","protected":false},"author":1,"featured_media":14186,"parent":0,"menu_order":0,"comment_status":"open","ping_status":"closed","template":"","class_list":["post-13917","listing","type-listing","status-publish","has-post-thumbnail","hentry","listing_cat-textil-hogar","listing_feature-accesibles-para-minusvalidos","listing_feature-cortinas","listing_feature-decoracion","listing_feature-edredones","listing_feature-sabanas","listing_location-cataluna","listing_location-centro","listing_location-mataro","listing_tag-cortinas","listing_tag-edredones","listing_tag-sabanas","listing_tag-textil-hogar"],"_links":{"self":[{"href":"https:\/\/mataroactiva.net\/cat\/wp-json\/wp\/v2\/listing\/13917","targetHints":{"allow":["GET"]}}],"collection":[{"href":"https:\/\/mataroactiva.net\/cat\/wp-json\/wp\/v2\/listing"}],"about":[{"href":"https:\/\/mataroactiva.net\/cat\/wp-json\/wp\/v2\/types\/listing"}],"author":[{"embeddable":true,"href":"https:\/\/mataroactiva.net\/cat\/wp-json\/wp\/v2\/users\/1"}],"replies":[{"embeddable":true,"href":"https:\/\/mataroactiva.net\/cat\/wp-json\/wp\/v2\/comments?post=13917"}],"wp:featuredmedia":[{"embeddable":true,"href":"https:\/\/mataroactiva.net\/cat\/wp-json\/wp\/v2\/media\/14186"}],"wp:attachment":[{"href":"https:\/\/mataroactiva.net\/cat\/wp-json\/wp\/v2\/media?parent=13917"}],"curies":[{"name":"wp","href":"https:\/\/api.w.org\/{rel}","templated":true}]}}

La Mallorquina Mataró

<p>La Mallorquina Mataró es el lugar ideal para quienes buscan productos de calidad para el hogar. La tienda destaca por su amplia selección de textiles y accesorios decorativos, ofreciendo desde ropa de cama y toallas hasta mantelería y elementos decorativos de diseño elegante y duradero.</p>
<p>Con productos que combinan funcionalidad y estilo, La Mallorquina es una referencia en el sector textil, adaptándose a diferentes gustos y necesidades. Su oferta incluye tanto artículos modernos como piezas clásicas, ideales para darle un toque único a cada espacio.</p>
<p>Además, La Mallorquina Mataró se caracteriza por brindar una experiencia de compra agradable y asesoramiento personalizado, ayudando a los clientes a encontrar los productos perfectos para sus hogares.</p>

<p>La Mallorquina Mataró es el lugar ideal para quienes buscan productos de calidad para el hogar. La tienda destaca por su amplia selección de textiles y accesorios decorativos, ofreciendo desde ropa de cama y toallas hasta mantelería y elementos decorativos de diseño elegante y duradero. Con productos que combinan funcionalidad y estilo, La Mallorquina es &hellip; </p>
