{"id":13916,"date":"2024-12-21T23:46:19","date_gmt":"2024-12-21T22:46:19","guid":{"rendered":"https:\/?post_type=listing&#038;p=13916"},"modified":"2025-02-11T22:58:51","modified_gmt":"2025-02-11T21:58:51","slug":"culinarium-mataro","status":"publish","type":"listing","link":"https:\/\/mataroactiva.net\/cat\/negocio\/culinarium-mataro\/","title":{"rendered":"Culinarium Matar\u00f3"},"content":{"rendered":"<p>Culinarium Matar\u00f3, situada al carrer de la Riera, \u00e9s una botiga especialitzada en utensilis i accessoris de cuina, ideal per als qui busquen productes d'alta qualitat per a cuinar o per a equipar la seva llar. Amb una \u00e0mplia gamma d'articles, ofereix des d'eines b\u00e0siques fins a productes m\u00e9s avan\u00e7ats i espec\u00edfics per a la cuina, abastant totes les necessitats dels seus clients.<\/p>\n<p>La botiga destaca per la seva selecci\u00f3 acuradament triada, combinant funcionalitat amb un disseny atractiu i durador. \u00c9s un punt de refer\u00e8ncia a Matar\u00f3 per als qui busquen millorar la seva experi\u00e8ncia culin\u00e0ria.<\/p>\n<p>A m\u00e9s d'utensilis, Culinarium Matar\u00f3 tamb\u00e9 brinda assessorament personalitzat i una experi\u00e8ncia de compra agradable, assegurant que els seus clients trobin els productes perfectes segons les seves necessitats, tant si s\u00f3n xefs experimentats com si s\u00f3n aficionats a la cuina.<\/p>","protected":false},"excerpt":{"rendered":"<p>Culinarium Matar\u00f3, ubicada en la calle de la Riera, es una tienda especializada en utensilios y accesorios de cocina, ideal para quienes buscan productos de alta calidad para cocinar o para equipar su hogar. Con una amplia gama de art\u00edculos, ofrece desde herramientas b\u00e1sicas hasta productos m\u00e1s avanzados y espec\u00edficos para la cocina, abarcando todas &hellip; <\/p>","protected":false},"author":1,"featured_media":15655,"parent":0,"menu_order":0,"comment_status":"open","ping_status":"closed","template":"","class_list":["post-13916","listing","type-listing","status-publish","has-post-thumbnail","hentry","listing_cat-menaje-hogar","listing_feature-accesibles-para-minusvalidos","listing_feature-menaje-para-el-hogar-en-mataro","listing_location-cataluna","listing_location-centro","listing_location-mataro","listing_tag-hogar","listing_tag-menaje"],"_links":{"self":[{"href":"https:\/\/mataroactiva.net\/cat\/wp-json\/wp\/v2\/listing\/13916","targetHints":{"allow":["GET"]}}],"collection":[{"href":"https:\/\/mataroactiva.net\/cat\/wp-json\/wp\/v2\/listing"}],"about":[{"href":"https:\/\/mataroactiva.net\/cat\/wp-json\/wp\/v2\/types\/listing"}],"author":[{"embeddable":true,"href":"https:\/\/mataroactiva.net\/cat\/wp-json\/wp\/v2\/users\/1"}],"replies":[{"embeddable":true,"href":"https:\/\/mataroactiva.net\/cat\/wp-json\/wp\/v2\/comments?post=13916"}],"wp:featuredmedia":[{"embeddable":true,"href":"https:\/\/mataroactiva.net\/cat\/wp-json\/wp\/v2\/media\/15655"}],"wp:attachment":[{"href":"https:\/\/mataroactiva.net\/cat\/wp-json\/wp\/v2\/media?parent=13916"}],"curies":[{"name":"wp","href":"https:\/\/api.w.org\/{rel}","templated":true}]}}

Culinarium Mataró

<p>Culinarium Mataró, situada al carrer de la Riera, és una botiga especialitzada en utensilis i accessoris de cuina, ideal per als qui busquen productes d'alta qualitat per a cuinar o per a equipar la seva llar. Amb una àmplia gamma d'articles, ofereix des d'eines bàsiques fins a productes més avançats i específics per a la cuina, abastant totes les necessitats dels seus clients.</p>
<p>La botiga destaca per la seva selecció acuradament triada, combinant funcionalitat amb un disseny atractiu i durador. És un punt de referència a Mataró per als qui busquen millorar la seva experiència culinària.</p>
<p>A més d'utensilis, Culinarium Mataró també brinda assessorament personalitzat i una experiència de compra agradable, assegurant que els seus clients trobin els productes perfectes segons les seves necessitats, tant si són xefs experimentats com si són aficionats a la cuina.</p>

<p>Culinarium Mataró, ubicada en la calle de la Riera, es una tienda especializada en utensilios y accesorios de cocina, ideal para quienes buscan productos de alta calidad para cocinar o para equipar su hogar. Con una amplia gama de artículos, ofrece desde herramientas básicas hasta productos más avanzados y específicos para la cocina, abarcando todas &hellip; </p>
