{"id":13912,"date":"2024-10-22T21:32:52","date_gmt":"2024-10-22T19:32:52","guid":{"rendered":"https:\/?post_type=listing&#038;p=13912"},"modified":"2025-02-12T10:50:08","modified_gmt":"2025-02-12T09:50:08","slug":"orange-la-riera-mataro","status":"publish","type":"listing","link":"https:\/\/mataroactiva.net\/cat\/negocio\/orange-la-riera-mataro\/","title":{"rendered":"Orange La Riera Matar\u00f3"},"content":{"rendered":"<p>Orange La Riera Matar\u00f3 \u00e9s un referent en telecomunicacions a la ciutat. Ofereixen una \u00e0mplia gamma de productes com a m\u00f2bils, accessoris i serveis d'internet, televisi\u00f3 i telefonia m\u00f2bil. Compten amb un equip especialitzat que brinda assessoria personalitzada als seus clients, garantint que trobin les millors opcions tecnol\u00f2giques adaptades a les seves necessitats.<\/p>\n<p>La botiga destaca per la seva atenci\u00f3 pr\u00f2xima i professional, ajudant tant a particulars com a empreses en la contractaci\u00f3 de plans i l'adquisici\u00f3 de dispositius. A m\u00e9s, ofereixen solucions innovadores i d'\u00faltima generaci\u00f3.<\/p>\n<p>A Orange La Riera Matar\u00f3, els clients poden gaudir de promocions exclusives i serveis addicionals que els permeten aprofitar al m\u00e0xim la seva connectivitat.<\/p>","protected":false},"excerpt":{"rendered":"<p>Orange La Riera Matar\u00f3 es un referente en telecomunicaciones en la ciudad. Ofrecen una amplia gama de productos como m\u00f3viles, accesorios y servicios de internet, televisi\u00f3n y telefon\u00eda m\u00f3vil. Cuentan con un equipo especializado que brinda asesor\u00eda personalizada a sus clientes, garantizando que encuentren las mejores opciones tecnol\u00f3gicas adaptadas a sus necesidades. La tienda destaca &hellip; <\/p>","protected":false},"author":1,"featured_media":14010,"parent":0,"menu_order":0,"comment_status":"open","ping_status":"closed","template":"","class_list":["post-13912","listing","type-listing","status-publish","has-post-thumbnail","hentry","listing_cat-telefonia","listing_feature-accesibles-para-minusvalidos","listing_feature-fibra","listing_feature-fijo","listing_feature-movil","listing_feature-tarjeta-prepago","listing_feature-venta-de-telefonos","listing_location-cataluna","listing_location-centro","listing_location-mataro","listing_tag-fibra","listing_tag-internet","listing_tag-telefonia"],"_links":{"self":[{"href":"https:\/\/mataroactiva.net\/cat\/wp-json\/wp\/v2\/listing\/13912","targetHints":{"allow":["GET"]}}],"collection":[{"href":"https:\/\/mataroactiva.net\/cat\/wp-json\/wp\/v2\/listing"}],"about":[{"href":"https:\/\/mataroactiva.net\/cat\/wp-json\/wp\/v2\/types\/listing"}],"author":[{"embeddable":true,"href":"https:\/\/mataroactiva.net\/cat\/wp-json\/wp\/v2\/users\/1"}],"replies":[{"embeddable":true,"href":"https:\/\/mataroactiva.net\/cat\/wp-json\/wp\/v2\/comments?post=13912"}],"wp:featuredmedia":[{"embeddable":true,"href":"https:\/\/mataroactiva.net\/cat\/wp-json\/wp\/v2\/media\/14010"}],"wp:attachment":[{"href":"https:\/\/mataroactiva.net\/cat\/wp-json\/wp\/v2\/media?parent=13912"}],"curies":[{"name":"wp","href":"https:\/\/api.w.org\/{rel}","templated":true}]}}

Orange La Riera Mataró

<p>Orange La Riera Mataró és un referent en telecomunicacions a la ciutat. Ofereixen una àmplia gamma de productes com a mòbils, accessoris i serveis d'internet, televisió i telefonia mòbil. Compten amb un equip especialitzat que brinda assessoria personalitzada als seus clients, garantint que trobin les millors opcions tecnològiques adaptades a les seves necessitats.</p>
<p>La botiga destaca per la seva atenció pròxima i professional, ajudant tant a particulars com a empreses en la contractació de plans i l'adquisició de dispositius. A més, ofereixen solucions innovadores i d'última generació.</p>
<p>A Orange La Riera Mataró, els clients poden gaudir de promocions exclusives i serveis addicionals que els permeten aprofitar al màxim la seva connectivitat.</p>

<p>Orange La Riera Mataró es un referente en telecomunicaciones en la ciudad. Ofrecen una amplia gama de productos como móviles, accesorios y servicios de internet, televisión y telefonía móvil. Cuentan con un equipo especializado que brinda asesoría personalizada a sus clientes, garantizando que encuentren las mejores opciones tecnológicas adaptadas a sus necesidades. La tienda destaca &hellip; </p>
