{"id":13910,"date":"2024-10-22T21:23:58","date_gmt":"2024-10-22T19:23:58","guid":{"rendered":"https:\/?post_type=listing&#038;p=13910"},"modified":"2025-02-12T10:47:03","modified_gmt":"2025-02-12T09:47:03","slug":"optica-mataro","status":"publish","type":"listing","link":"https:\/\/mataroactiva.net\/cat\/negocio\/optica-mataro\/","title":{"rendered":"\u00d3ptica Matar\u00f3"},"content":{"rendered":"<p>\u00d2ptica Matar\u00f3 \u00e9s un establiment especialitzat en salut visual que ofereix una \u00e0mplia gamma de serveis i productes d'\u00f2ptica. Els clients poden trobar des d'ulleres de vista, ulleres de sol i lents de contacte, fins a solucions personalitzades per a millorar la seva visi\u00f3. Amb un equip d'experts en la cura ocular, s'asseguren que cada client rebi la millor atenci\u00f3 possible.<\/p>\n<p>A m\u00e9s dels productes de qualitat, \u00d2ptica Matar\u00f3 es destaca per la seva atenci\u00f3 al client, brindant un servei pr\u00f2xim i professional. Els experts ajuden a triar l'opci\u00f3 m\u00e9s adequada segons les necessitats visuals i est\u00e8tiques de cada persona.<\/p>\n<p>La reputaci\u00f3 d'\u00d2ptica Matar\u00f3 es basa en el seu comprom\u00eds amb la satisfacci\u00f3 del client, proporcionant productes i serveis que combinen funcionalitat i estil. Amb anys d'experi\u00e8ncia en el sector, \u00e9s un lloc de confian\u00e7a per als qui busquen solucions d'alta qualitat en la cura de la vista.<\/p>","protected":false},"excerpt":{"rendered":"<p>\u00d3ptica Matar\u00f3 es un establecimiento especializado en salud visual que ofrece una amplia gama de servicios y productos de \u00f3ptica. Los clientes pueden encontrar desde gafas de vista, gafas de sol y lentes de contacto, hasta soluciones personalizadas para mejorar su visi\u00f3n. Con un equipo de expertos en el cuidado ocular, se aseguran de que &hellip; <\/p>","protected":false},"author":1,"featured_media":14012,"parent":0,"menu_order":0,"comment_status":"open","ping_status":"closed","template":"","class_list":["post-13910","listing","type-listing","status-publish","has-post-thumbnail","hentry","listing_cat-opticas","listing_feature-asesoramiento-tecnico-y-estetico","listing_feature-evaluaciones-auditivas-completas","listing_feature-gafas-de-proteccion","listing_feature-gafas-de-sol","listing_feature-gafas-deportivas","listing_feature-gafas-graduadas","listing_feature-gafas-infantiles","listing_feature-graduacion","listing_feature-lentes-de-contacto","listing_location-cataluna","listing_location-centro","listing_location-mataro","listing_tag-audiologia","listing_tag-optica"],"_links":{"self":[{"href":"https:\/\/mataroactiva.net\/cat\/wp-json\/wp\/v2\/listing\/13910","targetHints":{"allow":["GET"]}}],"collection":[{"href":"https:\/\/mataroactiva.net\/cat\/wp-json\/wp\/v2\/listing"}],"about":[{"href":"https:\/\/mataroactiva.net\/cat\/wp-json\/wp\/v2\/types\/listing"}],"author":[{"embeddable":true,"href":"https:\/\/mataroactiva.net\/cat\/wp-json\/wp\/v2\/users\/1"}],"replies":[{"embeddable":true,"href":"https:\/\/mataroactiva.net\/cat\/wp-json\/wp\/v2\/comments?post=13910"}],"wp:featuredmedia":[{"embeddable":true,"href":"https:\/\/mataroactiva.net\/cat\/wp-json\/wp\/v2\/media\/14012"}],"wp:attachment":[{"href":"https:\/\/mataroactiva.net\/cat\/wp-json\/wp\/v2\/media?parent=13910"}],"curies":[{"name":"wp","href":"https:\/\/api.w.org\/{rel}","templated":true}]}}

Óptica Mataró

<p>Òptica Mataró és un establiment especialitzat en salut visual que ofereix una àmplia gamma de serveis i productes d'òptica. Els clients poden trobar des d'ulleres de vista, ulleres de sol i lents de contacte, fins a solucions personalitzades per a millorar la seva visió. Amb un equip d'experts en la cura ocular, s'asseguren que cada client rebi la millor atenció possible.</p>
<p>A més dels productes de qualitat, Òptica Mataró es destaca per la seva atenció al client, brindant un servei pròxim i professional. Els experts ajuden a triar l'opció més adequada segons les necessitats visuals i estètiques de cada persona.</p>
<p>La reputació d'Òptica Mataró es basa en el seu compromís amb la satisfacció del client, proporcionant productes i serveis que combinen funcionalitat i estil. Amb anys d'experiència en el sector, és un lloc de confiança per als qui busquen solucions d'alta qualitat en la cura de la vista.</p>

<p>Óptica Mataró es un establecimiento especializado en salud visual que ofrece una amplia gama de servicios y productos de óptica. Los clientes pueden encontrar desde gafas de vista, gafas de sol y lentes de contacto, hasta soluciones personalizadas para mejorar su visión. Con un equipo de expertos en el cuidado ocular, se aseguran de que &hellip; </p>
