{"id":13903,"date":"2024-10-24T17:46:07","date_gmt":"2024-10-24T15:46:07","guid":{"rendered":"https:\/?post_type=listing&#038;p=13903"},"modified":"2025-02-12T11:18:08","modified_gmt":"2025-02-12T10:18:08","slug":"pastisseria-mataro-la-riera","status":"publish","type":"listing","link":"https:\/\/mataroactiva.net\/cat\/negocio\/pastisseria-mataro-la-riera\/","title":{"rendered":"Pastisseria Matar\u00f3 La Riera"},"content":{"rendered":"<p>Pastisseria Matar\u00f3 La Riera es un local emblem\u00e1tico en el centro de Matar\u00f3, conocido por su reposter\u00eda y productos artesanales de alta calidad. Ofrecen una amplia variedad de pasteles, tartas y boller\u00eda fresca, elaborados diariamente con ingredientes seleccionados. Su especialidad son las tartas personalizadas para ocasiones especiales, lo que la convierte en una opci\u00f3n favorita para celebraciones en la ciudad.<\/p>\n<p>Adem\u00e1s de su oferta de reposter\u00eda dulce, en Pastisseria Matar\u00f3 La Riera tambi\u00e9n se pueden encontrar opciones saladas, ideales para desayunos y meriendas. El ambiente acogedor del local invita a los clientes a disfrutar de un momento de relajaci\u00f3n mientras degustan un caf\u00e9 y alg\u00fan producto reci\u00e9n horneado.<\/p>\n<p>Con una trayectoria consolidada, Pastisseria Matar\u00f3 La Riera sigue siendo un referente en la ciudad, destacando por su atenci\u00f3n al detalle y el compromiso con la calidad en cada uno de sus productos, siendo una parada obligatoria para los amantes de la buena reposter\u00eda.<\/p>","protected":false},"excerpt":{"rendered":"<p>Pastisseria Matar\u00f3 La Riera es un local emblem\u00e1tico en el centro de Matar\u00f3, conocido por su reposter\u00eda y productos artesanales de alta calidad. Ofrecen una amplia variedad de pasteles, tartas y boller\u00eda fresca, elaborados diariamente con ingredientes seleccionados. Su especialidad son las tartas personalizadas para ocasiones especiales, lo que la convierte en una opci\u00f3n favorita &hellip; <\/p>","protected":false},"author":1,"featured_media":13940,"parent":0,"menu_order":0,"comment_status":"open","ping_status":"closed","template":"","class_list":["post-13903","listing","type-listing","status-publish","has-post-thumbnail","hentry","listing_cat-pasteleria-panaderia","listing_feature-accesibles-para-minusvalidos","listing_feature-cafe","listing_feature-mejores-desayunos-en-mataro","listing_feature-terraza","listing_location-cataluna","listing_location-centro","listing_location-mataro","listing_tag-cafeteria","listing_tag-panaderia","listing_tag-pasteleria","listing_tag-pasteles"],"_links":{"self":[{"href":"https:\/\/mataroactiva.net\/cat\/wp-json\/wp\/v2\/listing\/13903","targetHints":{"allow":["GET"]}}],"collection":[{"href":"https:\/\/mataroactiva.net\/cat\/wp-json\/wp\/v2\/listing"}],"about":[{"href":"https:\/\/mataroactiva.net\/cat\/wp-json\/wp\/v2\/types\/listing"}],"author":[{"embeddable":true,"href":"https:\/\/mataroactiva.net\/cat\/wp-json\/wp\/v2\/users\/1"}],"replies":[{"embeddable":true,"href":"https:\/\/mataroactiva.net\/cat\/wp-json\/wp\/v2\/comments?post=13903"}],"wp:featuredmedia":[{"embeddable":true,"href":"https:\/\/mataroactiva.net\/cat\/wp-json\/wp\/v2\/media\/13940"}],"wp:attachment":[{"href":"https:\/\/mataroactiva.net\/cat\/wp-json\/wp\/v2\/media?parent=13903"}],"curies":[{"name":"wp","href":"https:\/\/api.w.org\/{rel}","templated":true}]}}

Pastisseria Mataró La Riera

<p>Pastisseria Mataró La Riera es un local emblemático en el centro de Mataró, conocido por su repostería y productos artesanales de alta calidad. Ofrecen una amplia variedad de pasteles, tartas y bollería fresca, elaborados diariamente con ingredientes seleccionados. Su especialidad son las tartas personalizadas para ocasiones especiales, lo que la convierte en una opción favorita para celebraciones en la ciudad.</p>
<p>Además de su oferta de repostería dulce, en Pastisseria Mataró La Riera también se pueden encontrar opciones saladas, ideales para desayunos y meriendas. El ambiente acogedor del local invita a los clientes a disfrutar de un momento de relajación mientras degustan un café y algún producto recién horneado.</p>
<p>Con una trayectoria consolidada, Pastisseria Mataró La Riera sigue siendo un referente en la ciudad, destacando por su atención al detalle y el compromiso con la calidad en cada uno de sus productos, siendo una parada obligatoria para los amantes de la buena repostería.</p>

<p>Pastisseria Mataró La Riera es un local emblemático en el centro de Mataró, conocido por su repostería y productos artesanales de alta calidad. Ofrecen una amplia variedad de pasteles, tartas y bollería fresca, elaborados diariamente con ingredientes seleccionados. Su especialidad son las tartas personalizadas para ocasiones especiales, lo que la convierte en una opción favorita &hellip; </p>
