{"id":13818,"date":"2024-10-18T14:21:31","date_gmt":"2024-10-18T12:21:31","guid":{"rendered":"https:\/?post_type=listing&#038;p=13818"},"modified":"2025-02-11T23:42:33","modified_gmt":"2025-02-11T22:42:33","slug":"general-optica-mataro","status":"publish","type":"listing","link":"https:\/\/mataroactiva.net\/cat\/negocio\/general-optica-mataro\/","title":{"rendered":"General Optica Matar\u00f3"},"content":{"rendered":"<p>General \u00d3ptica es un establecimiento destacado en Matar\u00f3, especializado en la venta de gafas, lentes de contacto y otros productos \u00f3pticos. En General \u00d3ptica Matar\u00f3, el equipo profesional se dedica a ofrecer un servicio personalizado para ayudar a cada cliente a encontrar la soluci\u00f3n que mejor se adapte a sus necesidades visuales.<\/p>\n<p>El local cuenta con una amplia variedad de monturas y lentes de diversas marcas, combinando estilo y funcionalidad. Adem\u00e1s, ofrecen servicios como ex\u00e1menes visuales exhaustivos, lo que garantiza que cada cliente reciba el asesoramiento adecuado para su salud ocular.<\/p>\n<p>En General \u00d3ptica Matar\u00f3, la satisfacci\u00f3n del cliente es una prioridad, y se esfuerzan por brindar un ambiente acogedor y profesional. Este enfoque, junto con productos de calidad y un equipo altamente capacitado, convierte a General \u00d3ptica en la opci\u00f3n ideal para quienes buscan cuidar de su visi\u00f3n y estilo personal.<\/p>","protected":false},"excerpt":{"rendered":"<p>General \u00d3ptica es un establecimiento destacado en Matar\u00f3, especializado en la venta de gafas, lentes de contacto y otros productos \u00f3pticos. En General \u00d3ptica Matar\u00f3, el equipo profesional se dedica a ofrecer un servicio personalizado para ayudar a cada cliente a encontrar la soluci\u00f3n que mejor se adapte a sus necesidades visuales. El local cuenta &hellip; <\/p>","protected":false},"author":1,"featured_media":13923,"parent":0,"menu_order":0,"comment_status":"open","ping_status":"closed","template":"","class_list":["post-13818","listing","type-listing","status-publish","has-post-thumbnail","hentry","listing_cat-opticas","listing_feature-asesoramiento-tecnico-y-estetico","listing_feature-gafas-de-proteccion","listing_feature-gafas-de-sol","listing_feature-gafas-deportivas","listing_feature-gafas-graduadas","listing_feature-gafas-infantiles","listing_feature-graduacion","listing_feature-lentes-de-contacto","listing_location-cataluna","listing_location-centro","listing_location-mataro","listing_tag-audiometria","listing_tag-gafas","listing_tag-optica"],"_links":{"self":[{"href":"https:\/\/mataroactiva.net\/cat\/wp-json\/wp\/v2\/listing\/13818","targetHints":{"allow":["GET"]}}],"collection":[{"href":"https:\/\/mataroactiva.net\/cat\/wp-json\/wp\/v2\/listing"}],"about":[{"href":"https:\/\/mataroactiva.net\/cat\/wp-json\/wp\/v2\/types\/listing"}],"author":[{"embeddable":true,"href":"https:\/\/mataroactiva.net\/cat\/wp-json\/wp\/v2\/users\/1"}],"replies":[{"embeddable":true,"href":"https:\/\/mataroactiva.net\/cat\/wp-json\/wp\/v2\/comments?post=13818"}],"wp:featuredmedia":[{"embeddable":true,"href":"https:\/\/mataroactiva.net\/cat\/wp-json\/wp\/v2\/media\/13923"}],"wp:attachment":[{"href":"https:\/\/mataroactiva.net\/cat\/wp-json\/wp\/v2\/media?parent=13818"}],"curies":[{"name":"wp","href":"https:\/\/api.w.org\/{rel}","templated":true}]}}

General Optica Mataró

<p>General Óptica es un establecimiento destacado en Mataró, especializado en la venta de gafas, lentes de contacto y otros productos ópticos. En General Óptica Mataró, el equipo profesional se dedica a ofrecer un servicio personalizado para ayudar a cada cliente a encontrar la solución que mejor se adapte a sus necesidades visuales.</p>
<p>El local cuenta con una amplia variedad de monturas y lentes de diversas marcas, combinando estilo y funcionalidad. Además, ofrecen servicios como exámenes visuales exhaustivos, lo que garantiza que cada cliente reciba el asesoramiento adecuado para su salud ocular.</p>
<p>En General Óptica Mataró, la satisfacción del cliente es una prioridad, y se esfuerzan por brindar un ambiente acogedor y profesional. Este enfoque, junto con productos de calidad y un equipo altamente capacitado, convierte a General Óptica en la opción ideal para quienes buscan cuidar de su visión y estilo personal.</p>

<p>General Óptica es un establecimiento destacado en Mataró, especializado en la venta de gafas, lentes de contacto y otros productos ópticos. En General Óptica Mataró, el equipo profesional se dedica a ofrecer un servicio personalizado para ayudar a cada cliente a encontrar la solución que mejor se adapte a sus necesidades visuales. El local cuenta &hellip; </p>
