{"id":13812,"date":"2024-10-17T22:18:14","date_gmt":"2024-10-17T20:18:14","guid":{"rendered":"https:\/?post_type=listing&#038;p=13812"},"modified":"2024-10-17T22:18:14","modified_gmt":"2024-10-17T20:18:14","slug":"granier-mataro-centro","status":"publish","type":"listing","link":"https:\/\/mataroactiva.net\/cat\/negocio\/granier-mataro-centro\/","title":{"rendered":"Granier Matar\u00f3 Centro"},"content":{"rendered":"<p>Granier Matar\u00f3 es una panader\u00eda que ofrece una amplia variedad de productos frescos y artesanales. Desde panes tradicionales hasta una selecci\u00f3n de boller\u00eda, su compromiso con la calidad y el sabor es evidente en cada uno de sus productos. Granier se ha convertido en una opci\u00f3n popular tanto para quienes buscan desayunar o merendar en el local, como para aquellos que prefieren llevar sus productos reci\u00e9n horneados a casa.<\/p>\n<p>Adem\u00e1s de su oferta de panes y boller\u00eda, Granier Matar\u00f3 cuenta con un ambiente acogedor donde los clientes pueden disfrutar de su caf\u00e9 y pasteler\u00eda en un entorno relajado. El equipo de Granier trabaja cada d\u00eda para garantizar que los productos sean frescos y de excelente calidad, lo que ha posicionado al local como un referente para los amantes del buen pan en la ciudad.<\/p>\n<p>Granier Matar\u00f3 no solo destaca por la calidad de sus productos, sino tambi\u00e9n por su servicio atento y cercano, brindando una experiencia agradable para cada cliente que lo visita.<\/p>","protected":false},"excerpt":{"rendered":"<p>Granier Matar\u00f3 es una panader\u00eda que ofrece una amplia variedad de productos frescos y artesanales. Desde panes tradicionales hasta una selecci\u00f3n de boller\u00eda, su compromiso con la calidad y el sabor es evidente en cada uno de sus productos. Granier se ha convertido en una opci\u00f3n popular tanto para quienes buscan desayunar o merendar en &hellip; <\/p>","protected":false},"author":1,"featured_media":13882,"parent":0,"menu_order":0,"comment_status":"open","ping_status":"closed","template":"","class_list":["post-13812","listing","type-listing","status-publish","has-post-thumbnail","hentry","listing_cat-cafetarias","listing_feature-accesibles-para-minusvalidos","listing_feature-aire-acondicionado","listing_feature-almuerzos-en-mataro","listing_feature-restaurantes-aptos-para-celiacos","listing_feature-restaurantes-aptos-para-veganos-en-mataro","listing_feature-restaurantes-aptos-para-vegetarianos-en-mataro","listing_feature-cafe","listing_location-cataluna","listing_location-centro","listing_location-mataro","listing_tag-bocadillos","listing_tag-cafeteria","listing_tag-panaderia","listing_tag-pastas","listing_tag-te"],"_links":{"self":[{"href":"https:\/\/mataroactiva.net\/cat\/wp-json\/wp\/v2\/listing\/13812","targetHints":{"allow":["GET"]}}],"collection":[{"href":"https:\/\/mataroactiva.net\/cat\/wp-json\/wp\/v2\/listing"}],"about":[{"href":"https:\/\/mataroactiva.net\/cat\/wp-json\/wp\/v2\/types\/listing"}],"author":[{"embeddable":true,"href":"https:\/\/mataroactiva.net\/cat\/wp-json\/wp\/v2\/users\/1"}],"replies":[{"embeddable":true,"href":"https:\/\/mataroactiva.net\/cat\/wp-json\/wp\/v2\/comments?post=13812"}],"wp:featuredmedia":[{"embeddable":true,"href":"https:\/\/mataroactiva.net\/cat\/wp-json\/wp\/v2\/media\/13882"}],"wp:attachment":[{"href":"https:\/\/mataroactiva.net\/cat\/wp-json\/wp\/v2\/media?parent=13812"}],"curies":[{"name":"wp","href":"https:\/\/api.w.org\/{rel}","templated":true}]}}

Granier Mataró Centro

<p>Granier Mataró es una panadería que ofrece una amplia variedad de productos frescos y artesanales. Desde panes tradicionales hasta una selección de bollería, su compromiso con la calidad y el sabor es evidente en cada uno de sus productos. Granier se ha convertido en una opción popular tanto para quienes buscan desayunar o merendar en el local, como para aquellos que prefieren llevar sus productos recién horneados a casa.</p>
<p>Además de su oferta de panes y bollería, Granier Mataró cuenta con un ambiente acogedor donde los clientes pueden disfrutar de su café y pastelería en un entorno relajado. El equipo de Granier trabaja cada día para garantizar que los productos sean frescos y de excelente calidad, lo que ha posicionado al local como un referente para los amantes del buen pan en la ciudad.</p>
<p>Granier Mataró no solo destaca por la calidad de sus productos, sino también por su servicio atento y cercano, brindando una experiencia agradable para cada cliente que lo visita.</p>

<p>Granier Mataró es una panadería que ofrece una amplia variedad de productos frescos y artesanales. Desde panes tradicionales hasta una selección de bollería, su compromiso con la calidad y el sabor es evidente en cada uno de sus productos. Granier se ha convertido en una opción popular tanto para quienes buscan desayunar o merendar en &hellip; </p>
