{"id":13802,"date":"2024-10-17T20:23:44","date_gmt":"2024-10-17T18:23:44","guid":{"rendered":"https:\/?post_type=listing&#038;p=13802"},"modified":"2025-02-12T10:19:04","modified_gmt":"2025-02-12T09:19:04","slug":"montse-interiors-mataro","status":"publish","type":"listing","link":"https:\/\/mataroactiva.net\/cat\/negocio\/montse-interiors-mataro\/","title":{"rendered":"Montse Interiors Matar\u00f3"},"content":{"rendered":"<p>Montse Interiors Matar\u00f3 es una tienda especializada en la decoraci\u00f3n del hogar, ofreciendo una gran variedad de textiles y complementos para crear espacios acogedores y elegantes. Desde ropa de cama y cortinas hasta cojines y alfombras, Montse Interiors se destaca por brindar productos de alta calidad y dise\u00f1os exclusivos para personalizar cualquier ambiente.<\/p>\n<p>En Montse Interiors Matar\u00f3, los clientes pueden encontrar asesoramiento personalizado para seleccionar los productos que mejor se adapten a su estilo y necesidades. El equipo de expertos est\u00e1 siempre disponible para ayudar a crear espacios que transmitan confort y estilo, con una atenci\u00f3n cercana y profesional.<\/p>\n<p>Con un amplio cat\u00e1logo de textiles y accesorios, Montse Interiors Matar\u00f3 es un referente en la decoraci\u00f3n del hogar, proporcionando soluciones creativas y funcionales para transformar cualquier espacio en un lugar lleno de calidez y personalidad.<\/p>","protected":false},"excerpt":{"rendered":"<p>Montse Interiors Matar\u00f3 es una tienda especializada en la decoraci\u00f3n del hogar, ofreciendo una gran variedad de textiles y complementos para crear espacios acogedores y elegantes. Desde ropa de cama y cortinas hasta cojines y alfombras, Montse Interiors se destaca por brindar productos de alta calidad y dise\u00f1os exclusivos para personalizar cualquier ambiente. En Montse &hellip; <\/p>","protected":false},"author":1,"featured_media":13839,"parent":0,"menu_order":0,"comment_status":"open","ping_status":"closed","template":"","class_list":["post-13802","listing","type-listing","status-publish","has-post-thumbnail","hentry","listing_cat-textil-hogar","listing_feature-accesibles-para-minusvalidos","listing_feature-cortinas","listing_feature-edredones","listing_feature-sabanas","listing_location-cataluna","listing_location-centro","listing_location-mataro","listing_tag-cortinas","listing_tag-edredones","listing_tag-sabanas","listing_tag-textil-hogar"],"_links":{"self":[{"href":"https:\/\/mataroactiva.net\/cat\/wp-json\/wp\/v2\/listing\/13802","targetHints":{"allow":["GET"]}}],"collection":[{"href":"https:\/\/mataroactiva.net\/cat\/wp-json\/wp\/v2\/listing"}],"about":[{"href":"https:\/\/mataroactiva.net\/cat\/wp-json\/wp\/v2\/types\/listing"}],"author":[{"embeddable":true,"href":"https:\/\/mataroactiva.net\/cat\/wp-json\/wp\/v2\/users\/1"}],"replies":[{"embeddable":true,"href":"https:\/\/mataroactiva.net\/cat\/wp-json\/wp\/v2\/comments?post=13802"}],"wp:featuredmedia":[{"embeddable":true,"href":"https:\/\/mataroactiva.net\/cat\/wp-json\/wp\/v2\/media\/13839"}],"wp:attachment":[{"href":"https:\/\/mataroactiva.net\/cat\/wp-json\/wp\/v2\/media?parent=13802"}],"curies":[{"name":"wp","href":"https:\/\/api.w.org\/{rel}","templated":true}]}}

Montse Interiors Mataró

<p>Montse Interiors Mataró es una tienda especializada en la decoración del hogar, ofreciendo una gran variedad de textiles y complementos para crear espacios acogedores y elegantes. Desde ropa de cama y cortinas hasta cojines y alfombras, Montse Interiors se destaca por brindar productos de alta calidad y diseños exclusivos para personalizar cualquier ambiente.</p>
<p>En Montse Interiors Mataró, los clientes pueden encontrar asesoramiento personalizado para seleccionar los productos que mejor se adapten a su estilo y necesidades. El equipo de expertos está siempre disponible para ayudar a crear espacios que transmitan confort y estilo, con una atención cercana y profesional.</p>
<p>Con un amplio catálogo de textiles y accesorios, Montse Interiors Mataró es un referente en la decoración del hogar, proporcionando soluciones creativas y funcionales para transformar cualquier espacio en un lugar lleno de calidez y personalidad.</p>

<p>Montse Interiors Mataró es una tienda especializada en la decoración del hogar, ofreciendo una gran variedad de textiles y complementos para crear espacios acogedores y elegantes. Desde ropa de cama y cortinas hasta cojines y alfombras, Montse Interiors se destaca por brindar productos de alta calidad y diseños exclusivos para personalizar cualquier ambiente. En Montse &hellip; </p>
