{"id":13797,"date":"2024-10-17T14:22:59","date_gmt":"2024-10-17T12:22:59","guid":{"rendered":"https:\/?post_type=listing&#038;p=13797"},"modified":"2025-02-12T00:04:29","modified_gmt":"2025-02-11T23:04:29","slug":"la-casa-de-las-carcasas-mataro-centro","status":"publish","type":"listing","link":"https:\/\/mataroactiva.net\/cat\/negocio\/la-casa-de-las-carcasas-mataro-centro\/","title":{"rendered":"La Casa de las Carcasas Matar\u00f3 Centro"},"content":{"rendered":"<p>La Casa de las Carcasas Matar\u00f3 es el lugar perfecto para quienes buscan personalizar y proteger sus dispositivos m\u00f3viles. Este local ofrece una gran variedad de carcasas, fundas y accesorios para tel\u00e9fonos, tablets y otros dispositivos electr\u00f3nicos, con opciones que van desde dise\u00f1os b\u00e1sicos hasta modelos m\u00e1s coloridos y creativos.<\/p>\n<p>En La Casa de las Carcasas Matar\u00f3, los clientes tambi\u00e9n pueden encontrar otros complementos como protectores de pantalla, cargadores y soportes, brindando soluciones completas para el cuidado de sus dispositivos. La tienda se destaca por ofrecer productos de calidad a precios competitivos, adapt\u00e1ndose a diferentes estilos y necesidades.<\/p>\n<p>Con una atenci\u00f3n cercana y asesoramiento especializado, La Casa de las Carcasas Matar\u00f3 se ha convertido en una referencia para quienes buscan proteger sus dispositivos con estilo y funcionalidad.<\/p>","protected":false},"excerpt":{"rendered":"<p>La Casa de las Carcasas Matar\u00f3 es el lugar perfecto para quienes buscan personalizar y proteger sus dispositivos m\u00f3viles. Este local ofrece una gran variedad de carcasas, fundas y accesorios para tel\u00e9fonos, tablets y otros dispositivos electr\u00f3nicos, con opciones que van desde dise\u00f1os b\u00e1sicos hasta modelos m\u00e1s coloridos y creativos. En La Casa de las &hellip; <\/p>","protected":false},"author":1,"featured_media":13823,"parent":0,"menu_order":0,"comment_status":"open","ping_status":"closed","template":"","class_list":["post-13797","listing","type-listing","status-publish","has-post-thumbnail","hentry","listing_cat-telefonos-accesorios","listing_feature-accesibles-para-minusvalidos","listing_feature-accesorios-telefonia","listing_feature-fundas-protectores-telefonia","listing_location-cataluna","listing_location-centro","listing_location-mataro","listing_tag-accesorios","listing_tag-fundas","listing_tag-protectores","listing_tag-telefonia"],"_links":{"self":[{"href":"https:\/\/mataroactiva.net\/cat\/wp-json\/wp\/v2\/listing\/13797","targetHints":{"allow":["GET"]}}],"collection":[{"href":"https:\/\/mataroactiva.net\/cat\/wp-json\/wp\/v2\/listing"}],"about":[{"href":"https:\/\/mataroactiva.net\/cat\/wp-json\/wp\/v2\/types\/listing"}],"author":[{"embeddable":true,"href":"https:\/\/mataroactiva.net\/cat\/wp-json\/wp\/v2\/users\/1"}],"replies":[{"embeddable":true,"href":"https:\/\/mataroactiva.net\/cat\/wp-json\/wp\/v2\/comments?post=13797"}],"wp:featuredmedia":[{"embeddable":true,"href":"https:\/\/mataroactiva.net\/cat\/wp-json\/wp\/v2\/media\/13823"}],"wp:attachment":[{"href":"https:\/\/mataroactiva.net\/cat\/wp-json\/wp\/v2\/media?parent=13797"}],"curies":[{"name":"wp","href":"https:\/\/api.w.org\/{rel}","templated":true}]}}

La Casa de las Carcasas Mataró Centro

<p>La Casa de las Carcasas Mataró es el lugar perfecto para quienes buscan personalizar y proteger sus dispositivos móviles. Este local ofrece una gran variedad de carcasas, fundas y accesorios para teléfonos, tablets y otros dispositivos electrónicos, con opciones que van desde diseños básicos hasta modelos más coloridos y creativos.</p>
<p>En La Casa de las Carcasas Mataró, los clientes también pueden encontrar otros complementos como protectores de pantalla, cargadores y soportes, brindando soluciones completas para el cuidado de sus dispositivos. La tienda se destaca por ofrecer productos de calidad a precios competitivos, adaptándose a diferentes estilos y necesidades.</p>
<p>Con una atención cercana y asesoramiento especializado, La Casa de las Carcasas Mataró se ha convertido en una referencia para quienes buscan proteger sus dispositivos con estilo y funcionalidad.</p>

<p>La Casa de las Carcasas Mataró es el lugar perfecto para quienes buscan personalizar y proteger sus dispositivos móviles. Este local ofrece una gran variedad de carcasas, fundas y accesorios para teléfonos, tablets y otros dispositivos electrónicos, con opciones que van desde diseños básicos hasta modelos más coloridos y creativos. En La Casa de las &hellip; </p>
