{"id":13717,"date":"2024-10-16T11:23:05","date_gmt":"2024-10-16T09:23:05","guid":{"rendered":"https:\/?post_type=listing&#038;p=13717"},"modified":"2025-02-11T23:49:57","modified_gmt":"2025-02-11T22:49:57","slug":"hunkemoller-mataro","status":"publish","type":"listing","link":"https:\/\/mataroactiva.net\/cat\/negocio\/hunkemoller-mataro\/","title":{"rendered":"Hunkem\u00f6ller Matar\u00f3"},"content":{"rendered":"<p>Hunkem\u00f6ller Matar\u00f3 \u00e9s una botiga especialitzada en llenceria i moda \u00edntima per a dona, destacada per la seva \u00e0mplia selecci\u00f3 de sostenidors, calces i conjunts de dormir. La marca combina estil i comoditat en cadascun dels seus productes, oferint opcions tant funcionals com elegants<\/p>\n<p>A m\u00e9s de la llenceria di\u00e0ria, Hunkem\u00f6ller Matar\u00f3 compta amb col\u00b7leccions especials, com a llenceria de n\u00favia i roba modeladora, adaptant-se a diferents necessitats i ocasions. Tamb\u00e9 disposa d'una l\u00ednia esportiva i accessoris com a quimonos i mitjanes que complementen la seva oferta.<\/p>\n<p>Hunkem\u00f6ller Matar\u00f3 s'ha consolidat com un referent en moda \u00edntima gr\u00e0cies a la qualitat dels seus productes i un enfocament centrat en la dona actual, que busca peces c\u00f2modes sense renunciar a l'estil.<\/p>","protected":false},"excerpt":{"rendered":"<p>Hunkem\u00f6ller Matar\u00f3 es una tienda especializada en lencer\u00eda y moda \u00edntima para mujer, destacada por su amplia selecci\u00f3n de sujetadores, braguitas y conjuntos de dormir. La marca combina estilo y comodidad en cada uno de sus productos, ofreciendo opciones tanto funcionales como elegantes. Adem\u00e1s de la lencer\u00eda diaria, Hunkem\u00f6ller Matar\u00f3 cuenta con colecciones especiales, como &hellip; <\/p>","protected":false},"author":1,"featured_media":13757,"parent":0,"menu_order":0,"comment_status":"open","ping_status":"closed","template":"","class_list":["post-13717","listing","type-listing","status-publish","has-post-thumbnail","hentry","listing_cat-lenceria-ropa-interior","listing_feature-accesibles-para-minusvalidos","listing_feature-lenceria","listing_feature-ropa-interior","listing_location-cataluna","listing_location-centro","listing_location-mataro","listing_tag-lenceria","listing_tag-ropa-interior"],"_links":{"self":[{"href":"https:\/\/mataroactiva.net\/cat\/wp-json\/wp\/v2\/listing\/13717","targetHints":{"allow":["GET"]}}],"collection":[{"href":"https:\/\/mataroactiva.net\/cat\/wp-json\/wp\/v2\/listing"}],"about":[{"href":"https:\/\/mataroactiva.net\/cat\/wp-json\/wp\/v2\/types\/listing"}],"author":[{"embeddable":true,"href":"https:\/\/mataroactiva.net\/cat\/wp-json\/wp\/v2\/users\/1"}],"replies":[{"embeddable":true,"href":"https:\/\/mataroactiva.net\/cat\/wp-json\/wp\/v2\/comments?post=13717"}],"wp:featuredmedia":[{"embeddable":true,"href":"https:\/\/mataroactiva.net\/cat\/wp-json\/wp\/v2\/media\/13757"}],"wp:attachment":[{"href":"https:\/\/mataroactiva.net\/cat\/wp-json\/wp\/v2\/media?parent=13717"}],"curies":[{"name":"wp","href":"https:\/\/api.w.org\/{rel}","templated":true}]}}

Hunkemöller Mataró

<p>Hunkemöller Mataró és una botiga especialitzada en llenceria i moda íntima per a dona, destacada per la seva àmplia selecció de sostenidors, calces i conjunts de dormir. La marca combina estil i comoditat en cadascun dels seus productes, oferint opcions tant funcionals com elegants</p>
<p>A més de la llenceria diària, Hunkemöller Mataró compta amb col·leccions especials, com a llenceria de núvia i roba modeladora, adaptant-se a diferents necessitats i ocasions. També disposa d'una línia esportiva i accessoris com a quimonos i mitjanes que complementen la seva oferta.</p>
<p>Hunkemöller Mataró s'ha consolidat com un referent en moda íntima gràcies a la qualitat dels seus productes i un enfocament centrat en la dona actual, que busca peces còmodes sense renunciar a l'estil.</p>

<p>Hunkemöller Mataró es una tienda especializada en lencería y moda íntima para mujer, destacada por su amplia selección de sujetadores, braguitas y conjuntos de dormir. La marca combina estilo y comodidad en cada uno de sus productos, ofreciendo opciones tanto funcionales como elegantes. Además de la lencería diaria, Hunkemöller Mataró cuenta con colecciones especiales, como &hellip; </p>
