{"id":13713,"date":"2024-10-16T13:35:45","date_gmt":"2024-10-16T11:35:45","guid":{"rendered":"https:\/?post_type=listing&#038;p=13713"},"modified":"2025-02-12T00:31:45","modified_gmt":"2025-02-11T23:31:45","slug":"maleting-mataro","status":"publish","type":"listing","link":"https:\/\/mataroactiva.net\/cat\/negocio\/maleting-mataro\/","title":{"rendered":"Maleting Matar\u00f3"},"content":{"rendered":"<p>Maleting Matar\u00f3 \u00e9s una botiga especialitzada en maletes, bosses i accessoris de viatge. Ofereix una gran varietat de productes que combinen funcionalitat i disseny, adaptats a les necessitats dels viatgers moderns. Des de maletes r\u00edgides i lleugeres fins a bosses pr\u00e0ctiques i elegants, la botiga destaca per la qualitat i durabilitat dels seus productes.<\/p>\n<p>A m\u00e9s a m\u00e9s, Maleting Matar\u00f3 ofereix una selecci\u00f3 d'accessoris de viatge com a motxilles, necessers i altres complements que asseguren comoditat i estil en cada trajecte. La botiga \u00e9s coneguda per treballar amb marques reconegudes, la qual cosa garanteix la satisfacci\u00f3 dels seus clients.<\/p>\n<p>Amb la seva \u00e0mplia gamma d'opcions i atenci\u00f3 al detall, Maleting Matar\u00f3 s'ha consolidat com un referent per als qui busquen productes de viatge d'alta qualitat, funcionals i amb un disseny atractiu.<\/p>","protected":false},"excerpt":{"rendered":"<p>Maleting Matar\u00f3 es una tienda especializada en maletas, bolsos y accesorios de viaje. Ofrece una gran variedad de productos que combinan funcionalidad y dise\u00f1o, adaptados a las necesidades de los viajeros modernos. Desde maletas r\u00edgidas y ligeras hasta bolsos pr\u00e1cticos y elegantes, la tienda destaca por la calidad y durabilidad de sus productos. Adem\u00e1s, Maleting &hellip; <\/p>","protected":false},"author":1,"featured_media":16551,"parent":0,"menu_order":0,"comment_status":"open","ping_status":"closed","template":"","class_list":["post-13713","listing","type-listing","status-publish","has-post-thumbnail","hentry","listing_cat-complementos","listing_feature-accesibles-para-minusvalidos","listing_feature-bolsos","listing_feature-carteras","listing_feature-maletas","listing_feature-marroquineria","listing_feature-mochilas","listing_location-cataluna","listing_location-centro","listing_location-mataro","listing_tag-complementos","listing_tag-maletas","listing_tag-piel","listing_tag-servicio-de-reparacion"],"_links":{"self":[{"href":"https:\/\/mataroactiva.net\/cat\/wp-json\/wp\/v2\/listing\/13713","targetHints":{"allow":["GET"]}}],"collection":[{"href":"https:\/\/mataroactiva.net\/cat\/wp-json\/wp\/v2\/listing"}],"about":[{"href":"https:\/\/mataroactiva.net\/cat\/wp-json\/wp\/v2\/types\/listing"}],"author":[{"embeddable":true,"href":"https:\/\/mataroactiva.net\/cat\/wp-json\/wp\/v2\/users\/1"}],"replies":[{"embeddable":true,"href":"https:\/\/mataroactiva.net\/cat\/wp-json\/wp\/v2\/comments?post=13713"}],"wp:featuredmedia":[{"embeddable":true,"href":"https:\/\/mataroactiva.net\/cat\/wp-json\/wp\/v2\/media\/16551"}],"wp:attachment":[{"href":"https:\/\/mataroactiva.net\/cat\/wp-json\/wp\/v2\/media?parent=13713"}],"curies":[{"name":"wp","href":"https:\/\/api.w.org\/{rel}","templated":true}]}}

Maleting Mataró

<p>Maleting Mataró és una botiga especialitzada en maletes, bosses i accessoris de viatge. Ofereix una gran varietat de productes que combinen funcionalitat i disseny, adaptats a les necessitats dels viatgers moderns. Des de maletes rígides i lleugeres fins a bosses pràctiques i elegants, la botiga destaca per la qualitat i durabilitat dels seus productes.</p>
<p>A més a més, Maleting Mataró ofereix una selecció d'accessoris de viatge com a motxilles, necessers i altres complements que asseguren comoditat i estil en cada trajecte. La botiga és coneguda per treballar amb marques reconegudes, la qual cosa garanteix la satisfacció dels seus clients.</p>
<p>Amb la seva àmplia gamma d'opcions i atenció al detall, Maleting Mataró s'ha consolidat com un referent per als qui busquen productes de viatge d'alta qualitat, funcionals i amb un disseny atractiu.</p>

<p>Maleting Mataró es una tienda especializada en maletas, bolsos y accesorios de viaje. Ofrece una gran variedad de productos que combinan funcionalidad y diseño, adaptados a las necesidades de los viajeros modernos. Desde maletas rígidas y ligeras hasta bolsos prácticos y elegantes, la tienda destaca por la calidad y durabilidad de sus productos. Además, Maleting &hellip; </p>
