{"id":13680,"date":"2024-10-10T15:45:46","date_gmt":"2024-10-10T13:45:46","guid":{"rendered":"https:\/?post_type=listing&#038;p=13680"},"modified":"2025-02-20T18:01:27","modified_gmt":"2025-02-20T17:01:27","slug":"gastro-loft-mataro","status":"publish","type":"listing","link":"https:\/\/mataroactiva.net\/cat\/negocio\/gastro-loft-mataro\/","title":{"rendered":"Gastro Loft Matar\u00f3"},"content":{"rendered":"<p>Gastro Loft Matar\u00f3 es el lugar ideal para quienes buscan experiencias gastron\u00f3micas \u00fanicas en Matar\u00f3 y el Maresme. Este innovador espacio ofrece una amplia gama de eventos culinarios, como clases de cocina, show cooking, cenas maridaje y eventos privados. Con un enfoque en crear momentos inolvidables, Gastro Loft transforma cada celebraci\u00f3n en una experiencia exclusiva, ofreciendo un ambiente elegante y acogedor.<\/p>\n<p>Adem\u00e1s, Gastro Loft Matar\u00f3 organiza eventos corporativos y de team building, donde el equipo puede disfrutar de una experiencia culinaria que fomenta la colaboraci\u00f3n y fortalece las relaciones profesionales. Cada detalle est\u00e1 dise\u00f1ado para superar las expectativas, ya sea en cenas privadas o eventos especiales con los mejores chefs y sommeliers.<\/p>\n<p>Si buscas un lugar para celebrar una ocasi\u00f3n especial, aprender nuevas t\u00e9cnicas culinarias o disfrutar de una cena maridaje, Gastro Loft Matar\u00f3 te ofrece un entorno ideal para vivir experiencias gastron\u00f3micas inolvidables.<\/p>\n<p>Nota:<br \/>\nEl horario refleja los horarios de llamada disponible, no implican que el local permanezca abierto en dicho horario.<\/p>\n<p>&nbsp;<\/p>","protected":false},"excerpt":{"rendered":"<p>Gastro Loft Matar\u00f3 es el lugar ideal para quienes buscan experiencias gastron\u00f3micas \u00fanicas en Matar\u00f3 y el Maresme. Este innovador espacio ofrece una amplia gama de eventos culinarios, como clases de cocina, show cooking, cenas maridaje y eventos privados. Con un enfoque en crear momentos inolvidables, Gastro Loft transforma cada celebraci\u00f3n en una experiencia exclusiva, &hellip; <\/p>","protected":false},"author":1,"featured_media":13692,"parent":0,"menu_order":0,"comment_status":"open","ping_status":"closed","template":"","class_list":["post-13680","listing","type-listing","status-publish","has-post-thumbnail","hentry","listing_cat-showcooking","listing_feature-accesibles-para-minusvalidos","listing_feature-aire-acondicionado","listing_feature-catas-y-maridajes","listing_feature-cenas","listing_feature-talleres-programados","listing_location-cataluna","listing_location-centro","listing_location-mataro","listing_tag-gastro","listing_tag-showcooking","listing_tag-talleres"],"_links":{"self":[{"href":"https:\/\/mataroactiva.net\/cat\/wp-json\/wp\/v2\/listing\/13680","targetHints":{"allow":["GET"]}}],"collection":[{"href":"https:\/\/mataroactiva.net\/cat\/wp-json\/wp\/v2\/listing"}],"about":[{"href":"https:\/\/mataroactiva.net\/cat\/wp-json\/wp\/v2\/types\/listing"}],"author":[{"embeddable":true,"href":"https:\/\/mataroactiva.net\/cat\/wp-json\/wp\/v2\/users\/1"}],"replies":[{"embeddable":true,"href":"https:\/\/mataroactiva.net\/cat\/wp-json\/wp\/v2\/comments?post=13680"}],"wp:featuredmedia":[{"embeddable":true,"href":"https:\/\/mataroactiva.net\/cat\/wp-json\/wp\/v2\/media\/13692"}],"wp:attachment":[{"href":"https:\/\/mataroactiva.net\/cat\/wp-json\/wp\/v2\/media?parent=13680"}],"curies":[{"name":"wp","href":"https:\/\/api.w.org\/{rel}","templated":true}]}}

Gastro Loft Mataró

<p>Gastro Loft Mataró es el lugar ideal para quienes buscan experiencias gastronómicas únicas en Mataró y el Maresme. Este innovador espacio ofrece una amplia gama de eventos culinarios, como clases de cocina, show cooking, cenas maridaje y eventos privados. Con un enfoque en crear momentos inolvidables, Gastro Loft transforma cada celebración en una experiencia exclusiva, ofreciendo un ambiente elegante y acogedor.</p>
<p>Además, Gastro Loft Mataró organiza eventos corporativos y de team building, donde el equipo puede disfrutar de una experiencia culinaria que fomenta la colaboración y fortalece las relaciones profesionales. Cada detalle está diseñado para superar las expectativas, ya sea en cenas privadas o eventos especiales con los mejores chefs y sommeliers.</p>
<p>Si buscas un lugar para celebrar una ocasión especial, aprender nuevas técnicas culinarias o disfrutar de una cena maridaje, Gastro Loft Mataró te ofrece un entorno ideal para vivir experiencias gastronómicas inolvidables.</p>
<p>Nota:<br />
El horario refleja los horarios de llamada disponible, no implican que el local permanezca abierto en dicho horario.</p>
<p>&nbsp;</p>

<p>Gastro Loft Mataró es el lugar ideal para quienes buscan experiencias gastronómicas únicas en Mataró y el Maresme. Este innovador espacio ofrece una amplia gama de eventos culinarios, como clases de cocina, show cooking, cenas maridaje y eventos privados. Con un enfoque en crear momentos inolvidables, Gastro Loft transforma cada celebración en una experiencia exclusiva, &hellip; </p>
