{"id":13513,"date":"2024-10-09T22:28:22","date_gmt":"2024-10-09T20:28:22","guid":{"rendered":"https:\/?post_type=listing&#038;p=13513"},"modified":"2025-02-11T22:13:04","modified_gmt":"2025-02-11T21:13:04","slug":"bukolica-mataro","status":"publish","type":"listing","link":"https:\/\/mataroactiva.net\/cat\/negocio\/bukolica-mataro\/","title":{"rendered":"Bukolica Matar\u00f3"},"content":{"rendered":"<p>Bukolica Matar\u00f3 \u00e9s una boutique especialitzada en complements, joies, alta bijuteria i bosses, oferint peces \u00faniques i amb estil per als qui busquen destacar amb accessoris exclusius. En la seva \u00e0mplia selecci\u00f3, els clients poden trobar des de delicades joies artesanals fins a bosses i complements de disseny, tots amb un enfocament en la qualitat i el bon gust.<\/p>\n<p>Bukolica Matar\u00f3 es distingeix per oferir productes que fusionen art i cultura, amb col\u00b7leccions que reflecteixen tend\u00e8ncies modernes i alhora atemporals. Cada pe\u00e7a ha estat seleccionada acuradament per a brindar eleg\u00e0ncia i sofisticaci\u00f3, convertint-se en el lloc ideal per als qui busquen afegir un toc especial al seu estil personal.<\/p>\n<p>Amb un enfocament en l'atenci\u00f3 personalitzada i productes d'alta qualitat, Bukolica Matar\u00f3 s'ha consolidat com una refer\u00e8ncia per a amants de la moda i el disseny que valoren l'originalitat i el detall en cada complement.<\/p>","protected":false},"excerpt":{"rendered":"<p>Bukolica Matar\u00f3 es una boutique especializada en complementos, joyas, alta bisuter\u00eda y bolsos, ofreciendo piezas \u00fanicas y con estilo para quienes buscan destacar con accesorios exclusivos. En su amplia selecci\u00f3n, los clientes pueden encontrar desde delicadas joyas artesanales hasta bolsos y complementos de dise\u00f1o, todos con un enfoque en la calidad y el buen gusto. &hellip; <\/p>","protected":false},"author":1,"featured_media":13552,"parent":0,"menu_order":0,"comment_status":"open","ping_status":"closed","template":"","class_list":["post-13513","listing","type-listing","status-publish","has-post-thumbnail","hentry","listing_cat-complementos","listing_feature-agenda-cultural","listing_feature-bolsos","listing_feature-complementos","listing_feature-concept-store","listing_feature-joyas","listing_location-cataluna","listing_location-centro","listing_location-mataro","listing_tag-bolsos","listing_tag-complementos","listing_tag-concept","listing_tag-joyas"],"_links":{"self":[{"href":"https:\/\/mataroactiva.net\/cat\/wp-json\/wp\/v2\/listing\/13513","targetHints":{"allow":["GET"]}}],"collection":[{"href":"https:\/\/mataroactiva.net\/cat\/wp-json\/wp\/v2\/listing"}],"about":[{"href":"https:\/\/mataroactiva.net\/cat\/wp-json\/wp\/v2\/types\/listing"}],"author":[{"embeddable":true,"href":"https:\/\/mataroactiva.net\/cat\/wp-json\/wp\/v2\/users\/1"}],"replies":[{"embeddable":true,"href":"https:\/\/mataroactiva.net\/cat\/wp-json\/wp\/v2\/comments?post=13513"}],"wp:featuredmedia":[{"embeddable":true,"href":"https:\/\/mataroactiva.net\/cat\/wp-json\/wp\/v2\/media\/13552"}],"wp:attachment":[{"href":"https:\/\/mataroactiva.net\/cat\/wp-json\/wp\/v2\/media?parent=13513"}],"curies":[{"name":"wp","href":"https:\/\/api.w.org\/{rel}","templated":true}]}}

Bukolica Mataró

<p>Bukolica Mataró és una boutique especialitzada en complements, joies, alta bijuteria i bosses, oferint peces úniques i amb estil per als qui busquen destacar amb accessoris exclusius. En la seva àmplia selecció, els clients poden trobar des de delicades joies artesanals fins a bosses i complements de disseny, tots amb un enfocament en la qualitat i el bon gust.</p>
<p>Bukolica Mataró es distingeix per oferir productes que fusionen art i cultura, amb col·leccions que reflecteixen tendències modernes i alhora atemporals. Cada peça ha estat seleccionada acuradament per a brindar elegància i sofisticació, convertint-se en el lloc ideal per als qui busquen afegir un toc especial al seu estil personal.</p>
<p>Amb un enfocament en l'atenció personalitzada i productes d'alta qualitat, Bukolica Mataró s'ha consolidat com una referència per a amants de la moda i el disseny que valoren l'originalitat i el detall en cada complement.</p>

<p>Bukolica Mataró es una boutique especializada en complementos, joyas, alta bisutería y bolsos, ofreciendo piezas únicas y con estilo para quienes buscan destacar con accesorios exclusivos. En su amplia selección, los clientes pueden encontrar desde delicadas joyas artesanales hasta bolsos y complementos de diseño, todos con un enfoque en la calidad y el buen gusto. &hellip; </p>
