{"id":13358,"date":"2024-09-19T11:48:51","date_gmt":"2024-09-19T09:48:51","guid":{"rendered":"https:\/?post_type=listing&#038;p=13358"},"modified":"2025-02-12T10:45:45","modified_gmt":"2025-02-12T09:45:45","slug":"optica-cottet","status":"publish","type":"listing","link":"https:\/\/mataroactiva.net\/cat\/negocio\/optica-cottet\/","title":{"rendered":"\u00d3ptica Cottet"},"content":{"rendered":"<p><strong>\u00d3ptica Cottet<\/strong> es una \u00f3ptica de referencia que ofrece servicios especializados en salud visual y auditiva. Con una amplia gama de gafas graduadas, de sol y lentillas, garantiza soluciones personalizadas adaptadas a cada cliente. Adem\u00e1s, el centro cuenta con tecnolog\u00eda avanzada para realizar ex\u00e1menes visuales completos, asegurando una visi\u00f3n \u00f3ptima.<\/p>\n<p>Adem\u00e1s de sus servicios de \u00f3ptica, <strong>Cottet<\/strong> se destaca por su departamento de audiolog\u00eda, donde realizan pruebas auditivas y proporcionan aud\u00edfonos de \u00faltima generaci\u00f3n, dise\u00f1ados para mejorar la calidad de vida de las personas con p\u00e9rdida auditiva. La combinaci\u00f3n de experiencia y tecnolog\u00eda convierte a Cottet en un referente en ambos campos.<\/p>\n<p>En <strong>Cottet Matar\u00f3<\/strong>, te atender\u00e1 un equipo de profesionales altamente capacitados que te ofrecer\u00e1n un asesoramiento cercano y experto. Su compromiso con la innovaci\u00f3n y la calidad garantiza productos de alta gama y un servicio a la altura de tus necesidades, brindando una experiencia completa tanto en el cuidado visual como auditivo.<\/p>","protected":false},"excerpt":{"rendered":"<p>\u00d3ptica Cottet es una \u00f3ptica de referencia que ofrece servicios especializados en salud visual y auditiva. Con una amplia gama de gafas graduadas, de sol y lentillas, garantiza soluciones personalizadas adaptadas a cada cliente. Adem\u00e1s, el centro cuenta con tecnolog\u00eda avanzada para realizar ex\u00e1menes visuales completos, asegurando una visi\u00f3n \u00f3ptima. Adem\u00e1s de sus servicios de &hellip; <\/p>","protected":false},"author":1,"featured_media":13357,"parent":0,"menu_order":0,"comment_status":"open","ping_status":"closed","template":"","class_list":["post-13358","listing","type-listing","status-publish","has-post-thumbnail","hentry","listing_cat-opticas","listing_feature-accesibles-para-minusvalidos","listing_feature-asesoramiento-tecnico-y-estetico","listing_feature-gafas-de-proteccion","listing_feature-gafas-de-sol","listing_feature-gafas-deportivas","listing_feature-gafas-graduadas","listing_feature-gafas-infantiles","listing_feature-graduacion","listing_feature-lentes-de-contacto","listing_feature-terapias-visuales","listing_location-cataluna","listing_location-centro","listing_location-mataro","listing_tag-auditivo","listing_tag-cottet","listing_tag-gafas","listing_tag-optica"],"_links":{"self":[{"href":"https:\/\/mataroactiva.net\/cat\/wp-json\/wp\/v2\/listing\/13358","targetHints":{"allow":["GET"]}}],"collection":[{"href":"https:\/\/mataroactiva.net\/cat\/wp-json\/wp\/v2\/listing"}],"about":[{"href":"https:\/\/mataroactiva.net\/cat\/wp-json\/wp\/v2\/types\/listing"}],"author":[{"embeddable":true,"href":"https:\/\/mataroactiva.net\/cat\/wp-json\/wp\/v2\/users\/1"}],"replies":[{"embeddable":true,"href":"https:\/\/mataroactiva.net\/cat\/wp-json\/wp\/v2\/comments?post=13358"}],"wp:featuredmedia":[{"embeddable":true,"href":"https:\/\/mataroactiva.net\/cat\/wp-json\/wp\/v2\/media\/13357"}],"wp:attachment":[{"href":"https:\/\/mataroactiva.net\/cat\/wp-json\/wp\/v2\/media?parent=13358"}],"curies":[{"name":"wp","href":"https:\/\/api.w.org\/{rel}","templated":true}]}}

Óptica Cottet

<p><strong>Óptica Cottet</strong> es una óptica de referencia que ofrece servicios especializados en salud visual y auditiva. Con una amplia gama de gafas graduadas, de sol y lentillas, garantiza soluciones personalizadas adaptadas a cada cliente. Además, el centro cuenta con tecnología avanzada para realizar exámenes visuales completos, asegurando una visión óptima.</p>
<p>Además de sus servicios de óptica, <strong>Cottet</strong> se destaca por su departamento de audiología, donde realizan pruebas auditivas y proporcionan audífonos de última generación, diseñados para mejorar la calidad de vida de las personas con pérdida auditiva. La combinación de experiencia y tecnología convierte a Cottet en un referente en ambos campos.</p>
<p>En <strong>Cottet Mataró</strong>, te atenderá un equipo de profesionales altamente capacitados que te ofrecerán un asesoramiento cercano y experto. Su compromiso con la innovación y la calidad garantiza productos de alta gama y un servicio a la altura de tus necesidades, brindando una experiencia completa tanto en el cuidado visual como auditivo.</p>

<p>Óptica Cottet es una óptica de referencia que ofrece servicios especializados en salud visual y auditiva. Con una amplia gama de gafas graduadas, de sol y lentillas, garantiza soluciones personalizadas adaptadas a cada cliente. Además, el centro cuenta con tecnología avanzada para realizar exámenes visuales completos, asegurando una visión óptima. Además de sus servicios de &hellip; </p>
