{"id":13347,"date":"2024-09-16T16:45:51","date_gmt":"2024-09-16T14:45:51","guid":{"rendered":"https:\/?post_type=listing&#038;p=13347"},"modified":"2024-09-17T16:24:46","modified_gmt":"2024-09-17T14:24:46","slug":"el-montadito-del-centre","status":"publish","type":"listing","link":"https:\/\/mataroactiva.net\/cat\/negocio\/el-montadito-del-centre\/","title":{"rendered":"El Montadito del Centre"},"content":{"rendered":"<p>El Montaditos del Centre es el lugar ideal para disfrutar de una amplia variedad de deliciosos montaditos y tapas en un ambiente acogedor y familiar. Nuestro men\u00fa ofrece opciones para todos los gustos, desde cl\u00e1sicos montaditos de jam\u00f3n y queso hasta combinaciones m\u00e1s creativas, perfectas para compartir con amigos o familiares.<\/p>\n<p>Como aut\u00e9ntico bar de tapas, en El Montaditos del Centre tambi\u00e9n podr\u00e1s saborear una gran selecci\u00f3n de tapas tradicionales, acompa\u00f1adas de bebidas fr\u00edas y una atenci\u00f3n cercana y personalizada. Nuestra especialidad son los montaditos, peque\u00f1os bocados llenos de sabor que te sorprender\u00e1n tanto por su calidad como por su precio, convirtiendo cada visita en una experiencia \u00fanica.<\/p>\n<p>Vis\u00edtanos en La Rambla 24, en pleno centro de Matar\u00f3, y disfruta de la aut\u00e9ntica experiencia de los montaditos y tapas. Ya sea para una comida r\u00e1pida o para compartir un buen rato con amigos, te esperamos en El Montaditos del Centre, donde el sabor y la calidad se unen para ofrecerte una comida inolvidable.<\/p>","protected":false},"excerpt":{"rendered":"<p>El Montaditos del Centre es el lugar ideal para disfrutar de una amplia variedad de deliciosos montaditos y tapas en un ambiente acogedor y familiar. Nuestro men\u00fa ofrece opciones para todos los gustos, desde cl\u00e1sicos montaditos de jam\u00f3n y queso hasta combinaciones m\u00e1s creativas, perfectas para compartir con amigos o familiares. Como aut\u00e9ntico bar de &hellip; <\/p>","protected":false},"author":1,"featured_media":13345,"parent":0,"menu_order":0,"comment_status":"open","ping_status":"closed","template":"","class_list":["post-13347","listing","type-listing","status-publish","has-post-thumbnail","hentry","listing_cat-mediterranea","listing_feature-accesibles-para-minusvalidos","listing_feature-almuerzos-en-mataro","listing_feature-bano","listing_feature-cafe","listing_feature-comidas","listing_feature-tapas","listing_feature-terraza","listing_location-cataluna","listing_location-eixample","listing_location-mataro","listing_tag-el-montadito-del-centre","listing_tag-montaditos","listing_tag-tapas"],"_links":{"self":[{"href":"https:\/\/mataroactiva.net\/cat\/wp-json\/wp\/v2\/listing\/13347","targetHints":{"allow":["GET"]}}],"collection":[{"href":"https:\/\/mataroactiva.net\/cat\/wp-json\/wp\/v2\/listing"}],"about":[{"href":"https:\/\/mataroactiva.net\/cat\/wp-json\/wp\/v2\/types\/listing"}],"author":[{"embeddable":true,"href":"https:\/\/mataroactiva.net\/cat\/wp-json\/wp\/v2\/users\/1"}],"replies":[{"embeddable":true,"href":"https:\/\/mataroactiva.net\/cat\/wp-json\/wp\/v2\/comments?post=13347"}],"wp:featuredmedia":[{"embeddable":true,"href":"https:\/\/mataroactiva.net\/cat\/wp-json\/wp\/v2\/media\/13345"}],"wp:attachment":[{"href":"https:\/\/mataroactiva.net\/cat\/wp-json\/wp\/v2\/media?parent=13347"}],"curies":[{"name":"wp","href":"https:\/\/api.w.org\/{rel}","templated":true}]}}

<p>El Montaditos del Centre es el lugar ideal para disfrutar de una amplia variedad de deliciosos montaditos y tapas en un ambiente acogedor y familiar. Nuestro menú ofrece opciones para todos los gustos, desde clásicos montaditos de jamón y queso hasta combinaciones más creativas, perfectas para compartir con amigos o familiares.</p>
<p>Como auténtico bar de tapas, en El Montaditos del Centre también podrás saborear una gran selección de tapas tradicionales, acompañadas de bebidas frías y una atención cercana y personalizada. Nuestra especialidad son los montaditos, pequeños bocados llenos de sabor que te sorprenderán tanto por su calidad como por su precio, convirtiendo cada visita en una experiencia única.</p>
<p>Visítanos en La Rambla 24, en pleno centro de Mataró, y disfruta de la auténtica experiencia de los montaditos y tapas. Ya sea para una comida rápida o para compartir un buen rato con amigos, te esperamos en El Montaditos del Centre, donde el sabor y la calidad se unen para ofrecerte una comida inolvidable.</p>

<p>El Montaditos del Centre es el lugar ideal para disfrutar de una amplia variedad de deliciosos montaditos y tapas en un ambiente acogedor y familiar. Nuestro menú ofrece opciones para todos los gustos, desde clásicos montaditos de jamón y queso hasta combinaciones más creativas, perfectas para compartir con amigos o familiares. Como auténtico bar de &hellip; </p>
