{"id":13341,"date":"2024-09-16T13:33:28","date_gmt":"2024-09-16T11:33:28","guid":{"rendered":"https:\/?post_type=listing&#038;p=13341"},"modified":"2025-02-11T21:05:47","modified_gmt":"2025-02-11T20:05:47","slug":"audika-centre-auditiu","status":"publish","type":"listing","link":"https:\/\/mataroactiva.net\/cat\/negocio\/audika-centre-auditiu\/","title":{"rendered":"Audika Centre Auditiu"},"content":{"rendered":"<p>Audika Centri Auditiu \u00e9s un centre especialitzat en solucions auditives a mesura, dissenyat per a millorar la teva qualitat de vida a trav\u00e9s d'una audici\u00f3 \u00f2ptima. Oferim una \u00e0mplia gamma de serveis que inclouen proves auditives completes, adaptaci\u00f3 d'audi\u00f2fons d'\u00faltima tecnologia i assessorament personalitzat per a cada cas.<\/p>\n<p>El nostre equip de professionals en Audika Centri Auditiu est\u00e0 format per experts altament qualificats que es dediquen a entendre les teves necessitats auditives i proporcionar-te les solucions m\u00e9s avan\u00e7ades. Ens comprometem a oferir una atenci\u00f3 pr\u00f2xima i personalitzada, assegurant un tractament efica\u00e7 per a cada client.<\/p>\n<p>Visita'ns Audika Centri Auditiu, en ple centre de La Rambla de Matar\u00f3, i descobreix com podem ajudar-te a recuperar els sons de la vida amb el suport de la millor tecnologia auditiva disponible. El teu benestar auditiu \u00e9s la nostra prioritat.<\/p>","protected":false},"excerpt":{"rendered":"<p>Audika Centre Auditiu es un centro especializado en soluciones auditivas a medida, dise\u00f1ado para mejorar tu calidad de vida a trav\u00e9s de una audici\u00f3n \u00f3ptima. Ofrecemos una amplia gama de servicios que incluyen pruebas auditivas completas, adaptaci\u00f3n de aud\u00edfonos de \u00faltima tecnolog\u00eda y asesoramiento personalizado para cada caso. Nuestro equipo de profesionales en Audika Centre &hellip; <\/p>","protected":false},"author":1,"featured_media":13338,"parent":0,"menu_order":0,"comment_status":"open","ping_status":"closed","template":"","class_list":["post-13341","listing","type-listing","status-publish","has-post-thumbnail","hentry","listing_cat-audicion","listing_feature-accesibles-para-minusvalidos","listing_feature-evaluaciones-auditivas-completas","listing_feature-mantenimiento-y-reparacion-de-audifonos","listing_feature-pruebas-de-adaptacion-progresiva","listing_location-cataluna","listing_location-centro","listing_location-mataro","listing_tag-audifonos","listing_tag-audiometrias"],"_links":{"self":[{"href":"https:\/\/mataroactiva.net\/cat\/wp-json\/wp\/v2\/listing\/13341","targetHints":{"allow":["GET"]}}],"collection":[{"href":"https:\/\/mataroactiva.net\/cat\/wp-json\/wp\/v2\/listing"}],"about":[{"href":"https:\/\/mataroactiva.net\/cat\/wp-json\/wp\/v2\/types\/listing"}],"author":[{"embeddable":true,"href":"https:\/\/mataroactiva.net\/cat\/wp-json\/wp\/v2\/users\/1"}],"replies":[{"embeddable":true,"href":"https:\/\/mataroactiva.net\/cat\/wp-json\/wp\/v2\/comments?post=13341"}],"wp:featuredmedia":[{"embeddable":true,"href":"https:\/\/mataroactiva.net\/cat\/wp-json\/wp\/v2\/media\/13338"}],"wp:attachment":[{"href":"https:\/\/mataroactiva.net\/cat\/wp-json\/wp\/v2\/media?parent=13341"}],"curies":[{"name":"wp","href":"https:\/\/api.w.org\/{rel}","templated":true}]}}

<p>Audika Centri Auditiu és un centre especialitzat en solucions auditives a mesura, dissenyat per a millorar la teva qualitat de vida a través d'una audició òptima. Oferim una àmplia gamma de serveis que inclouen proves auditives completes, adaptació d'audiòfons d'última tecnologia i assessorament personalitzat per a cada cas.</p>
<p>El nostre equip de professionals en Audika Centri Auditiu està format per experts altament qualificats que es dediquen a entendre les teves necessitats auditives i proporcionar-te les solucions més avançades. Ens comprometem a oferir una atenció pròxima i personalitzada, assegurant un tractament eficaç per a cada client.</p>
<p>Visita'ns Audika Centri Auditiu, en ple centre de La Rambla de Mataró, i descobreix com podem ajudar-te a recuperar els sons de la vida amb el suport de la millor tecnologia auditiva disponible. El teu benestar auditiu és la nostra prioritat.</p>

<p>Audika Centre Auditiu es un centro especializado en soluciones auditivas a medida, diseñado para mejorar tu calidad de vida a través de una audición óptima. Ofrecemos una amplia gama de servicios que incluyen pruebas auditivas completas, adaptación de audífonos de última tecnología y asesoramiento personalizado para cada caso. Nuestro equipo de profesionales en Audika Centre &hellip; </p>
