{"id":11964,"date":"2024-06-03T14:16:57","date_gmt":"2024-06-03T12:16:57","guid":{"rendered":"https:\/?post_type=listing&#038;p=11964"},"modified":"2024-06-03T14:23:00","modified_gmt":"2024-06-03T12:23:00","slug":"bar-el-casal-mataro","status":"publish","type":"listing","link":"https:\/\/mataroactiva.net\/cat\/negocio\/bar-el-casal-mataro\/","title":{"rendered":"Bar El Casal Matar\u00f3"},"content":{"rendered":"<p>Este local ofrece una amplia variedad de bocadillos y tapas, destac\u00e1ndose por la calidad de sus ingredientes y la atenci\u00f3n al detalle en la preparaci\u00f3n de cada plato. Con una atm\u00f3sfera relajada, es el lugar ideal para disfrutar de una comida informal o una reuni\u00f3n con amigos.<\/p>\n<p>El men\u00fa de El Casal incluye opciones tradicionales que han sido bien recibidas por sus clientes habituales, como la butifarra negra con cebolla y queso, y otras tapas cl\u00e1sicas de la cocina espa\u00f1ola. Su ambiente hist\u00f3rico y su decoraci\u00f3n t\u00edpica a\u00f1aden un toque especial a la experiencia gastron\u00f3mica, haciendo de cada visita algo \u00fanico.<\/p>\n<p>Adem\u00e1s, El Casal es conocido por su excelente servicio y por mantener una oferta variada y asequible, lo que lo convierte en una opci\u00f3n popular tanto para los residentes como para los visitantes de Matar\u00f3.<\/p>","protected":false},"excerpt":{"rendered":"<p>Este local ofrece una amplia variedad de bocadillos y tapas, destac\u00e1ndose por la calidad de sus ingredientes y la atenci\u00f3n al detalle en la preparaci\u00f3n de cada plato. Con una atm\u00f3sfera relajada, es el lugar ideal para disfrutar de una comida informal o una reuni\u00f3n con amigos. El men\u00fa de El Casal incluye opciones tradicionales &hellip; <\/p>","protected":false},"author":1,"featured_media":11968,"parent":0,"menu_order":0,"comment_status":"open","ping_status":"closed","template":"","class_list":["post-11964","listing","type-listing","status-publish","has-post-thumbnail","hentry","listing_cat-bar","listing_feature-restaurantes-aptos-para-celiacos","listing_feature-restaurantes-aptos-para-veganos-en-mataro","listing_feature-restaurantes-aptos-para-vegetarianos-en-mataro","listing_feature-cenas","listing_location-cataluna","listing_location-centro","listing_location-mataro","listing_tag-bar","listing_tag-bocadillos","listing_tag-tapas"],"_links":{"self":[{"href":"https:\/\/mataroactiva.net\/cat\/wp-json\/wp\/v2\/listing\/11964","targetHints":{"allow":["GET"]}}],"collection":[{"href":"https:\/\/mataroactiva.net\/cat\/wp-json\/wp\/v2\/listing"}],"about":[{"href":"https:\/\/mataroactiva.net\/cat\/wp-json\/wp\/v2\/types\/listing"}],"author":[{"embeddable":true,"href":"https:\/\/mataroactiva.net\/cat\/wp-json\/wp\/v2\/users\/1"}],"replies":[{"embeddable":true,"href":"https:\/\/mataroactiva.net\/cat\/wp-json\/wp\/v2\/comments?post=11964"}],"wp:featuredmedia":[{"embeddable":true,"href":"https:\/\/mataroactiva.net\/cat\/wp-json\/wp\/v2\/media\/11968"}],"wp:attachment":[{"href":"https:\/\/mataroactiva.net\/cat\/wp-json\/wp\/v2\/media?parent=11964"}],"curies":[{"name":"wp","href":"https:\/\/api.w.org\/{rel}","templated":true}]}}

Bar El Casal Mataró

<p>Este local ofrece una amplia variedad de bocadillos y tapas, destacándose por la calidad de sus ingredientes y la atención al detalle en la preparación de cada plato. Con una atmósfera relajada, es el lugar ideal para disfrutar de una comida informal o una reunión con amigos.</p>
<p>El menú de El Casal incluye opciones tradicionales que han sido bien recibidas por sus clientes habituales, como la butifarra negra con cebolla y queso, y otras tapas clásicas de la cocina española. Su ambiente histórico y su decoración típica añaden un toque especial a la experiencia gastronómica, haciendo de cada visita algo único.</p>
<p>Además, El Casal es conocido por su excelente servicio y por mantener una oferta variada y asequible, lo que lo convierte en una opción popular tanto para los residentes como para los visitantes de Mataró.</p>

<p>Este local ofrece una amplia variedad de bocadillos y tapas, destacándose por la calidad de sus ingredientes y la atención al detalle en la preparación de cada plato. Con una atmósfera relajada, es el lugar ideal para disfrutar de una comida informal o una reunión con amigos. El menú de El Casal incluye opciones tradicionales &hellip; </p>
