{"id":11936,"date":"2024-06-03T11:36:10","date_gmt":"2024-06-03T09:36:10","guid":{"rendered":"https:\/?post_type=listing&#038;p=11936"},"modified":"2025-02-14T20:07:29","modified_gmt":"2025-02-14T19:07:29","slug":"frankfurt-la-riera-frankfurts","status":"publish","type":"listing","link":"https:\/\/mataroactiva.net\/cat\/negocio\/frankfurt-la-riera-frankfurts\/","title":{"rendered":"Frankfurt La Riera (Frankfurt&#8217;s)"},"content":{"rendered":"<p data-sourcepos=\"7:1-7:101\">La fama de Frankfurt La Riera se basa en sus bocadillos, elaborados con ingredientes frescos y de primera calidad. Su pan, crujiente por fuera y esponjoso por dentro, es el lienzo perfecto para acoger una sinfon\u00eda de sabores. Pero lo que realmente distingue a los bocadillos de Frankfurt La Riera es su salsa secreta, una receta familiar transmitida de generaci\u00f3n en generaci\u00f3n que aporta un toque \u00fanico y especial a cada bocado.<\/p>\n<p data-sourcepos=\"11:1-11:224\">La carta de Frankfurt La Riera ofrece una amplia variedad de bocadillos para satisfacer todos los paladares. Desde los cl\u00e1sicos como el frankfurt con beicon y queso hasta opciones m\u00e1s creativas como el de butifarra negra con queso de cabra y cebolla caramelizada, hay un bocadillo para cada ocasi\u00f3n.<\/p>\n<p data-sourcepos=\"11:1-11:224\">","protected":false},"excerpt":{"rendered":"<p>La fama de Frankfurt La Riera se basa en sus bocadillos, elaborados con ingredientes frescos y de primera calidad. Su pan, crujiente por fuera y esponjoso por dentro, es el lienzo perfecto para acoger una sinfon\u00eda de sabores. Pero lo que realmente distingue a los bocadillos de Frankfurt La Riera es su salsa secreta, una &hellip; <\/p>","protected":false},"author":1,"featured_media":11937,"parent":0,"menu_order":0,"comment_status":"open","ping_status":"closed","template":"","class_list":["post-11936","listing","type-listing","status-publish","has-post-thumbnail","hentry","listing_cat-burger-frankfurt","listing_feature-cenas","listing_feature-comidas","listing_feature-recogida-en-local","listing_location-cataluna","listing_location-centro","listing_location-mataro"],"_links":{"self":[{"href":"https:\/\/mataroactiva.net\/cat\/wp-json\/wp\/v2\/listing\/11936","targetHints":{"allow":["GET"]}}],"collection":[{"href":"https:\/\/mataroactiva.net\/cat\/wp-json\/wp\/v2\/listing"}],"about":[{"href":"https:\/\/mataroactiva.net\/cat\/wp-json\/wp\/v2\/types\/listing"}],"author":[{"embeddable":true,"href":"https:\/\/mataroactiva.net\/cat\/wp-json\/wp\/v2\/users\/1"}],"replies":[{"embeddable":true,"href":"https:\/\/mataroactiva.net\/cat\/wp-json\/wp\/v2\/comments?post=11936"}],"wp:featuredmedia":[{"embeddable":true,"href":"https:\/\/mataroactiva.net\/cat\/wp-json\/wp\/v2\/media\/11937"}],"wp:attachment":[{"href":"https:\/\/mataroactiva.net\/cat\/wp-json\/wp\/v2\/media?parent=11936"}],"curies":[{"name":"wp","href":"https:\/\/api.w.org\/{rel}","templated":true}]}}

<p data-sourcepos="7:1-7:101">La fama de Frankfurt La Riera se basa en sus bocadillos, elaborados con ingredientes frescos y de primera calidad. Su pan, crujiente por fuera y esponjoso por dentro, es el lienzo perfecto para acoger una sinfonía de sabores. Pero lo que realmente distingue a los bocadillos de Frankfurt La Riera es su salsa secreta, una receta familiar transmitida de generación en generación que aporta un toque único y especial a cada bocado.</p>
<p data-sourcepos="11:1-11:224">La carta de Frankfurt La Riera ofrece una amplia variedad de bocadillos para satisfacer todos los paladares. Desde los clásicos como el frankfurt con beicon y queso hasta opciones más creativas como el de butifarra negra con queso de cabra y cebolla caramelizada, hay un bocadillo para cada ocasión.</p>
<p data-sourcepos="11:1-11:224">

<p>La fama de Frankfurt La Riera se basa en sus bocadillos, elaborados con ingredientes frescos y de primera calidad. Su pan, crujiente por fuera y esponjoso por dentro, es el lienzo perfecto para acoger una sinfonía de sabores. Pero lo que realmente distingue a los bocadillos de Frankfurt La Riera es su salsa secreta, una &hellip; </p>
