{"id":11897,"date":"2024-05-30T23:42:58","date_gmt":"2024-05-30T21:42:58","guid":{"rendered":"https:\/?post_type=listing&#038;p=11897"},"modified":"2024-05-30T23:42:58","modified_gmt":"2024-05-30T21:42:58","slug":"restaurante-nuus","status":"publish","type":"listing","link":"https:\/\/mataroactiva.net\/cat\/negocio\/restaurante-nuus\/","title":{"rendered":"Restaurante Nuus"},"content":{"rendered":"<p>Ubicado en el prestigioso Hotel Atenea de Matar\u00f3, el Restaurante NUUS ofrece una experiencia culinaria \u00fanica en un ambiente moderno y acogedor. Con una decoraci\u00f3n contempor\u00e1nea y amplios ventanales que inundan el espacio de luz natural, cada detalle est\u00e1 dise\u00f1ado para asegurar la comodidad y privacidad de los comensales.<\/p>\n<p>Su men\u00fa se basa en la cocina mediterr\u00e1nea con un toque innovador, utilizando ingredientes frescos y de alta calidad. Cada plato es una obra de arte, elaborada cuidadosamente por nuestro talentoso equipo de chefs. Adem\u00e1s, cuenta con una variada carta de vinos seleccionados por expertos sommeliers, perfectos para complementar cualquier comida.<\/p>\n<p>El Restaurante NUUS es tambi\u00e9n el lugar ideal para celebrar eventos especiales, ya sea una cena \u00edntima, una reuni\u00f3n de negocios o una celebraci\u00f3n familiar. Situado en el coraz\u00f3n de Matar\u00f3, con f\u00e1cil acceso y c\u00f3modas instalaciones, NUUS le ofrece una experiencia gastron\u00f3mica inolvidable. Recomendamos realizar reservas con antelaci\u00f3n para garantizar la mejor experiencia posible.<\/p>","protected":false},"excerpt":{"rendered":"<p>Ubicado en el prestigioso Hotel Atenea de Matar\u00f3, el Restaurante NUUS ofrece una experiencia culinaria \u00fanica en un ambiente moderno y acogedor. Con una decoraci\u00f3n contempor\u00e1nea y amplios ventanales que inundan el espacio de luz natural, cada detalle est\u00e1 dise\u00f1ado para asegurar la comodidad y privacidad de los comensales. Su men\u00fa se basa en la &hellip; <\/p>","protected":false},"author":1,"featured_media":11903,"parent":0,"menu_order":0,"comment_status":"open","ping_status":"closed","template":"","class_list":["post-11897","listing","type-listing","status-publish","has-post-thumbnail","hentry","listing_cat-mediterranea","listing_feature-restaurantes-aptos-para-celiacos","listing_feature-restaurantes-aptos-para-veganos-en-mataro","listing_feature-restaurantes-aptos-para-vegetarianos-en-mataro","listing_feature-cenas","listing_feature-comidas","listing_feature-menu","listing_feature-terraza","listing_location-cataluna","listing_location-mataro","listing_location-playa","listing_tag-fusion","listing_tag-mediterranea","listing_tag-playa"],"_links":{"self":[{"href":"https:\/\/mataroactiva.net\/cat\/wp-json\/wp\/v2\/listing\/11897","targetHints":{"allow":["GET"]}}],"collection":[{"href":"https:\/\/mataroactiva.net\/cat\/wp-json\/wp\/v2\/listing"}],"about":[{"href":"https:\/\/mataroactiva.net\/cat\/wp-json\/wp\/v2\/types\/listing"}],"author":[{"embeddable":true,"href":"https:\/\/mataroactiva.net\/cat\/wp-json\/wp\/v2\/users\/1"}],"replies":[{"embeddable":true,"href":"https:\/\/mataroactiva.net\/cat\/wp-json\/wp\/v2\/comments?post=11897"}],"wp:featuredmedia":[{"embeddable":true,"href":"https:\/\/mataroactiva.net\/cat\/wp-json\/wp\/v2\/media\/11903"}],"wp:attachment":[{"href":"https:\/\/mataroactiva.net\/cat\/wp-json\/wp\/v2\/media?parent=11897"}],"curies":[{"name":"wp","href":"https:\/\/api.w.org\/{rel}","templated":true}]}}

<p>Ubicado en el prestigioso Hotel Atenea de Mataró, el Restaurante NUUS ofrece una experiencia culinaria única en un ambiente moderno y acogedor. Con una decoración contemporánea y amplios ventanales que inundan el espacio de luz natural, cada detalle está diseñado para asegurar la comodidad y privacidad de los comensales.</p>
<p>Su menú se basa en la cocina mediterránea con un toque innovador, utilizando ingredientes frescos y de alta calidad. Cada plato es una obra de arte, elaborada cuidadosamente por nuestro talentoso equipo de chefs. Además, cuenta con una variada carta de vinos seleccionados por expertos sommeliers, perfectos para complementar cualquier comida.</p>
<p>El Restaurante NUUS es también el lugar ideal para celebrar eventos especiales, ya sea una cena íntima, una reunión de negocios o una celebración familiar. Situado en el corazón de Mataró, con fácil acceso y cómodas instalaciones, NUUS le ofrece una experiencia gastronómica inolvidable. Recomendamos realizar reservas con antelación para garantizar la mejor experiencia posible.</p>

<p>Ubicado en el prestigioso Hotel Atenea de Mataró, el Restaurante NUUS ofrece una experiencia culinaria única en un ambiente moderno y acogedor. Con una decoración contemporánea y amplios ventanales que inundan el espacio de luz natural, cada detalle está diseñado para asegurar la comodidad y privacidad de los comensales. Su menú se basa en la &hellip; </p>
