{"id":11688,"date":"2024-05-28T16:04:07","date_gmt":"2024-05-28T14:04:07","guid":{"rendered":"https:\/?post_type=listing&#038;p=11688"},"modified":"2024-05-28T16:04:07","modified_gmt":"2024-05-28T14:04:07","slug":"bar-la-morera","status":"publish","type":"listing","link":"https:\/\/mataroactiva.net\/cat\/negocio\/bar-la-morera\/","title":{"rendered":"Bar La Morera"},"content":{"rendered":"<p data-sourcepos=\"9:1-9:388\">La seva carta, elaborada amb productes frescos i de temporada, t'ofereix una \u00e0mplia varietat de plats t\u00edpics catalans per deleitar el teu paladar. Gaudeix de les seves cruixents croquetes de pernil, les seves saboroses botifarres a la brasa o la seva tradicional escalivada. No et perdis els seus deliciosos plats de cullera, com el cocido catal\u00e0 o l'escudella i carn d\u2019olla, perfectes per als dies m\u00e9s freds.<\/p>\n<p data-sourcepos=\"13:1-13:247\">M\u00e9s enll\u00e0 de la seva exquisida cuina, La Morera es caracteritza pel seu ambient c\u00e0lid i familiar. La decoraci\u00f3 tradicional catalana et transportar\u00e0 al cor de la regi\u00f3, mentre que el tracte proper i amable de l'equip et far\u00e0 sentir com a casa.<\/p>\n<p data-sourcepos=\"15:1-15:333\">No \u00e9s estrany que els clients del Bar La Morera s'enamorin del lloc. \"Un lloc encantador amb un menjar delici\u00f3s\".<\/p>","protected":false},"excerpt":{"rendered":"<p>Su carta, elaborada con productos frescos y de temporada, te ofrece una amplia variedad de platos t\u00edpicos catalanes para deleitar tu paladar. Disfruta de sus crujientes croquetas de jam\u00f3n, sus sabrosas butifarras a la brasa o su tradicional escalivada. No te pierdas sus deliciosos platos de cuchara, como el cocido catal\u00e1n o la escudella i &hellip; <\/p>","protected":false},"author":1,"featured_media":11689,"parent":0,"menu_order":0,"comment_status":"open","ping_status":"closed","template":"","class_list":["post-11688","listing","type-listing","status-publish","has-post-thumbnail","hentry","listing_cat-bar","listing_feature-restaurantes-aptos-para-celiacos","listing_feature-restaurantes-aptos-para-veganos-en-mataro","listing_feature-restaurantes-aptos-para-vegetarianos-en-mataro","listing_feature-cafe","listing_feature-comidas","listing_feature-menu","listing_feature-tapas","listing_location-cataluna","listing_location-havana","listing_location-mataro","listing_tag-bravas","listing_tag-calamares","listing_tag-cerveza","listing_tag-gambas","listing_tag-marisco","listing_tag-paella","listing_tag-pescado","listing_tag-tapas"],"_links":{"self":[{"href":"https:\/\/mataroactiva.net\/cat\/wp-json\/wp\/v2\/listing\/11688","targetHints":{"allow":["GET"]}}],"collection":[{"href":"https:\/\/mataroactiva.net\/cat\/wp-json\/wp\/v2\/listing"}],"about":[{"href":"https:\/\/mataroactiva.net\/cat\/wp-json\/wp\/v2\/types\/listing"}],"author":[{"embeddable":true,"href":"https:\/\/mataroactiva.net\/cat\/wp-json\/wp\/v2\/users\/1"}],"replies":[{"embeddable":true,"href":"https:\/\/mataroactiva.net\/cat\/wp-json\/wp\/v2\/comments?post=11688"}],"wp:featuredmedia":[{"embeddable":true,"href":"https:\/\/mataroactiva.net\/cat\/wp-json\/wp\/v2\/media\/11689"}],"wp:attachment":[{"href":"https:\/\/mataroactiva.net\/cat\/wp-json\/wp\/v2\/media?parent=11688"}],"curies":[{"name":"wp","href":"https:\/\/api.w.org\/{rel}","templated":true}]}}

<p data-sourcepos="9:1-9:388">La seva carta, elaborada amb productes frescos i de temporada, t'ofereix una àmplia varietat de plats típics catalans per deleitar el teu paladar. Gaudeix de les seves cruixents croquetes de pernil, les seves saboroses botifarres a la brasa o la seva tradicional escalivada. No et perdis els seus deliciosos plats de cullera, com el cocido català o l'escudella i carn d’olla, perfectes per als dies més freds.</p>
<p data-sourcepos="13:1-13:247">Més enllà de la seva exquisida cuina, La Morera es caracteritza pel seu ambient càlid i familiar. La decoració tradicional catalana et transportarà al cor de la regió, mentre que el tracte proper i amable de l'equip et farà sentir com a casa.</p>
<p data-sourcepos="15:1-15:333">No és estrany que els clients del Bar La Morera s'enamorin del lloc. "Un lloc encantador amb un menjar deliciós".</p>

<p>Su carta, elaborada con productos frescos y de temporada, te ofrece una amplia variedad de platos típicos catalanes para deleitar tu paladar. Disfruta de sus crujientes croquetas de jamón, sus sabrosas butifarras a la brasa o su tradicional escalivada. No te pierdas sus deliciosos platos de cuchara, como el cocido catalán o la escudella i &hellip; </p>
