{"id":11612,"date":"2024-05-27T17:12:44","date_gmt":"2024-05-27T15:12:44","guid":{"rendered":"https:\/?post_type=listing&#038;p=11612"},"modified":"2025-02-26T23:47:54","modified_gmt":"2025-02-26T22:47:54","slug":"el-rebenque","status":"publish","type":"listing","link":"https:\/\/mataroactiva.net\/cat\/negocio\/el-rebenque\/","title":{"rendered":"El Rebenque"},"content":{"rendered":"<p data-sourcepos=\"3:1-3:32\">Des de fa m\u00e9s de 30 anys, aquest asador familiar ha estat un referent per als amants de la carn a la graella, oferint una experi\u00e8ncia gastron\u00f2mica aut\u00e8ntica i plena de sabor.<\/p>\n<p data-sourcepos=\"5:1-5:130\">A El Rebenque, el protagonista indiscutible \u00e9s la carn. Seleccionada cuidadosament i rostida a la graella amb llenya de quebracho, cada tall et sorprendr\u00e0 pel seu sabor i textura. Des de sucosos bistecs i tendres costelles fins a saboroses empanades i choripanes, el seu men\u00fa t'ofereix una \u00e0mplia varietat d'opcions per gaudir de la millor carn argentina.<\/p>\n<p data-sourcepos=\"7:1-7:224\">El local d'El Rebenque \u00e9s acollidor i familiar, amb una decoraci\u00f3 r\u00fastica i c\u00e0lida que et transporta a un aut\u00e8ntic asador argent\u00ed. El servei \u00e9s atent i amable, i l'equip t'ajudar\u00e0 a triar el tall perfecte per a tu i t'explicar\u00e0 els diferents m\u00e8todes de cocci\u00f3 i adobs que utilitzen.<\/p>","protected":false},"excerpt":{"rendered":"<p>Desde hace m\u00e1s de 30 a\u00f1os, este asador familiar ha sido un referente para los amantes de la carne a la parrilla, ofreciendo una experiencia gastron\u00f3mica aut\u00e9ntica y llena de sabor. En El Rebenque, el protagonista indiscutible es la carne. Seleccionada cuidadosamente y asada a la parrilla con le\u00f1a de quebracho, cada corte te sorprender\u00e1 &hellip; <\/p>","protected":false},"author":1,"featured_media":11616,"parent":0,"menu_order":0,"comment_status":"open","ping_status":"closed","template":"","class_list":["post-11612","listing","type-listing","status-publish","has-post-thumbnail","hentry","listing_cat-comida-internacional","listing_feature-cenas","listing_feature-comidas","listing_feature-menu","listing_location-cataluna","listing_location-eixample","listing_location-mataro","listing_tag-argentina","listing_tag-argentino","listing_tag-asador","listing_tag-brasa","listing_tag-carnes"],"_links":{"self":[{"href":"https:\/\/mataroactiva.net\/cat\/wp-json\/wp\/v2\/listing\/11612","targetHints":{"allow":["GET"]}}],"collection":[{"href":"https:\/\/mataroactiva.net\/cat\/wp-json\/wp\/v2\/listing"}],"about":[{"href":"https:\/\/mataroactiva.net\/cat\/wp-json\/wp\/v2\/types\/listing"}],"author":[{"embeddable":true,"href":"https:\/\/mataroactiva.net\/cat\/wp-json\/wp\/v2\/users\/1"}],"replies":[{"embeddable":true,"href":"https:\/\/mataroactiva.net\/cat\/wp-json\/wp\/v2\/comments?post=11612"}],"wp:featuredmedia":[{"embeddable":true,"href":"https:\/\/mataroactiva.net\/cat\/wp-json\/wp\/v2\/media\/11616"}],"wp:attachment":[{"href":"https:\/\/mataroactiva.net\/cat\/wp-json\/wp\/v2\/media?parent=11612"}],"curies":[{"name":"wp","href":"https:\/\/api.w.org\/{rel}","templated":true}]}}

<p data-sourcepos="3:1-3:32">Des de fa més de 30 anys, aquest asador familiar ha estat un referent per als amants de la carn a la graella, oferint una experiència gastronòmica autèntica i plena de sabor.</p>
<p data-sourcepos="5:1-5:130">A El Rebenque, el protagonista indiscutible és la carn. Seleccionada cuidadosament i rostida a la graella amb llenya de quebracho, cada tall et sorprendrà pel seu sabor i textura. Des de sucosos bistecs i tendres costelles fins a saboroses empanades i choripanes, el seu menú t'ofereix una àmplia varietat d'opcions per gaudir de la millor carn argentina.</p>
<p data-sourcepos="7:1-7:224">El local d'El Rebenque és acollidor i familiar, amb una decoració rústica i càlida que et transporta a un autèntic asador argentí. El servei és atent i amable, i l'equip t'ajudarà a triar el tall perfecte per a tu i t'explicarà els diferents mètodes de cocció i adobs que utilitzen.</p>

<p>Desde hace más de 30 años, este asador familiar ha sido un referente para los amantes de la carne a la parrilla, ofreciendo una experiencia gastronómica auténtica y llena de sabor. En El Rebenque, el protagonista indiscutible es la carne. Seleccionada cuidadosamente y asada a la parrilla con leña de quebracho, cada corte te sorprenderá &hellip; </p>
