{"id":11581,"date":"2024-05-27T13:58:48","date_gmt":"2024-05-27T11:58:48","guid":{"rendered":"https:\/?post_type=listing&#038;p=11581"},"modified":"2024-05-27T14:03:49","modified_gmt":"2024-05-27T12:03:49","slug":"som-terra","status":"publish","type":"listing","link":"https:\/\/mataroactiva.net\/cat\/negocio\/som-terra\/","title":{"rendered":"Som Terra"},"content":{"rendered":"<p data-sourcepos=\"5:1-5:286\">La seva carta, curosament dissenyada, ofereix una \u00e0mplia varietat d'opcions per a tots els gustos. Des d'entrants lleugers i tapes tradicionals fins a plats principals m\u00e9s contundents i postres deliciosos, cada creaci\u00f3 et sorprendr\u00e0 pel seu sabor i autenticitat. Som Terra aposta per la qualitat i la frescor dels seus ingredients. Utilitzen productes locals de temporada, cultivats amb cura i respecte pel medi ambient. D'aquesta manera, no nom\u00e9s garanteixen un sabor excepcional als seus plats, sin\u00f3 que tamb\u00e9 donen suport als petits productors i a l'economia local.<\/p>\n<p data-sourcepos=\"7:1-7:342\">El local de Som Terra \u00e9s acollidor i familiar, amb una decoraci\u00f3 r\u00fastica i c\u00e0lida que et convida a relaxar-te i gaudir de l'experi\u00e8ncia culin\u00e0ria. El servei \u00e9s atent i amable, i l'equip t'ajudar\u00e0 a triar el plat perfecte per a tu.<\/p>","protected":false},"excerpt":{"rendered":"<p>Su carta, cuidadosamente dise\u00f1ada, ofrece una amplia variedad de opciones para todos los gustos. Desde entrantes ligeros y tapas tradicionales hasta platos principales m\u00e1s contundentes y postres deliciosos, cada creaci\u00f3n te sorprender\u00e1 por su sabor y autenticidad. Som Terra apuesta por la calidad y la frescura de sus ingredientes. Utilizan productos locales de temporada, cultivados &hellip; <\/p>","protected":false},"author":1,"featured_media":11582,"parent":0,"menu_order":0,"comment_status":"open","ping_status":"closed","template":"","class_list":["post-11581","listing","type-listing","status-publish","has-post-thumbnail","hentry","listing_cat-mediterranea","listing_feature-restaurantes-aptos-para-celiacos","listing_feature-restaurantes-aptos-para-veganos-en-mataro","listing_feature-restaurantes-aptos-para-vegetarianos-en-mataro","listing_feature-comidas","listing_feature-terraza","listing_location-cataluna","listing_location-centro","listing_location-mataro","listing_tag-arroces","listing_tag-arroz","listing_tag-catalana","listing_tag-mediterranea"],"_links":{"self":[{"href":"https:\/\/mataroactiva.net\/cat\/wp-json\/wp\/v2\/listing\/11581","targetHints":{"allow":["GET"]}}],"collection":[{"href":"https:\/\/mataroactiva.net\/cat\/wp-json\/wp\/v2\/listing"}],"about":[{"href":"https:\/\/mataroactiva.net\/cat\/wp-json\/wp\/v2\/types\/listing"}],"author":[{"embeddable":true,"href":"https:\/\/mataroactiva.net\/cat\/wp-json\/wp\/v2\/users\/1"}],"replies":[{"embeddable":true,"href":"https:\/\/mataroactiva.net\/cat\/wp-json\/wp\/v2\/comments?post=11581"}],"wp:featuredmedia":[{"embeddable":true,"href":"https:\/\/mataroactiva.net\/cat\/wp-json\/wp\/v2\/media\/11582"}],"wp:attachment":[{"href":"https:\/\/mataroactiva.net\/cat\/wp-json\/wp\/v2\/media?parent=11581"}],"curies":[{"name":"wp","href":"https:\/\/api.w.org\/{rel}","templated":true}]}}

<p data-sourcepos="5:1-5:286">La seva carta, curosament dissenyada, ofereix una àmplia varietat d'opcions per a tots els gustos. Des d'entrants lleugers i tapes tradicionals fins a plats principals més contundents i postres deliciosos, cada creació et sorprendrà pel seu sabor i autenticitat. Som Terra aposta per la qualitat i la frescor dels seus ingredients. Utilitzen productes locals de temporada, cultivats amb cura i respecte pel medi ambient. D'aquesta manera, no només garanteixen un sabor excepcional als seus plats, sinó que també donen suport als petits productors i a l'economia local.</p>
<p data-sourcepos="7:1-7:342">El local de Som Terra és acollidor i familiar, amb una decoració rústica i càlida que et convida a relaxar-te i gaudir de l'experiència culinària. El servei és atent i amable, i l'equip t'ajudarà a triar el plat perfecte per a tu.</p>

<p>Su carta, cuidadosamente diseñada, ofrece una amplia variedad de opciones para todos los gustos. Desde entrantes ligeros y tapas tradicionales hasta platos principales más contundentes y postres deliciosos, cada creación te sorprenderá por su sabor y autenticidad. Som Terra apuesta por la calidad y la frescura de sus ingredientes. Utilizan productos locales de temporada, cultivados &hellip; </p>
