{"id":11438,"date":"2024-05-21T11:42:06","date_gmt":"2024-05-21T09:42:06","guid":{"rendered":"https:\/?post_type=listing&#038;p=11438"},"modified":"2024-05-21T11:52:45","modified_gmt":"2024-05-21T09:52:45","slug":"dos-cuiners","status":"publish","type":"listing","link":"https:\/\/mataroactiva.net\/cat\/negocio\/dos-cuiners\/","title":{"rendered":"Dos Cuiners"},"content":{"rendered":"<p>Dos Cuiners Matar\u00f3 \u00e9s un restaurant destacat al centre de Matar\u00f3, conegut per la seva combinaci\u00f3 \u00fanica de tradici\u00f3 i modernitat en cada plat. Utilitzant ingredients frescos i de gran qualitat, ofereixen una varietat d'opcions que inclouen tapes creatives i plats principals elaborats, tot en un ambient acollidor amb un servei excepcional. Ideal per a sopars rom\u00e0ntics, \u00e0pats en fam\u00edlia o reunions de negocis, Dos Cuiners Matar\u00f3 garanteix una experi\u00e8ncia culin\u00e0ria inoblidable.<\/p>\n<p>A m\u00e9s, Dos Cuiners Matar\u00f3 es especialitza en men\u00fas personalitzats per a esdeveniments i celebracions, adaptant-se a les necessitats de cada client. Aquest restaurant s'ha convertit en la destinaci\u00f3 favorita dels amants del bon menjar a Matar\u00f3, atraient tant a locals com a visitants. Visitar Dos Cuiners Matar\u00f3 \u00e9s descobrir una experi\u00e8ncia gastron\u00f2mica \u00fanica al cor de la ciutat.<\/p>","protected":false},"excerpt":{"rendered":"<p>La mejor experiencia gastron\u00f3mica en el coraz\u00f3n de la ciudad<\/p>","protected":false},"author":1,"featured_media":11440,"parent":0,"menu_order":0,"comment_status":"open","ping_status":"closed","template":"","class_list":["post-11438","listing","type-listing","status-publish","has-post-thumbnail","hentry","listing_cat-mediterranea","listing_feature-restaurantes-aptos-para-celiacos","listing_feature-restaurantes-aptos-para-veganos-en-mataro","listing_feature-restaurantes-aptos-para-vegetarianos-en-mataro","listing_feature-cenas","listing_feature-comidas","listing_location-cataluna","listing_location-centro","listing_location-mataro","listing_tag-cocina-de-autor","listing_tag-cuiners","listing_tag-mediterranea"],"_links":{"self":[{"href":"https:\/\/mataroactiva.net\/cat\/wp-json\/wp\/v2\/listing\/11438","targetHints":{"allow":["GET"]}}],"collection":[{"href":"https:\/\/mataroactiva.net\/cat\/wp-json\/wp\/v2\/listing"}],"about":[{"href":"https:\/\/mataroactiva.net\/cat\/wp-json\/wp\/v2\/types\/listing"}],"author":[{"embeddable":true,"href":"https:\/\/mataroactiva.net\/cat\/wp-json\/wp\/v2\/users\/1"}],"replies":[{"embeddable":true,"href":"https:\/\/mataroactiva.net\/cat\/wp-json\/wp\/v2\/comments?post=11438"}],"wp:featuredmedia":[{"embeddable":true,"href":"https:\/\/mataroactiva.net\/cat\/wp-json\/wp\/v2\/media\/11440"}],"wp:attachment":[{"href":"https:\/\/mataroactiva.net\/cat\/wp-json\/wp\/v2\/media?parent=11438"}],"curies":[{"name":"wp","href":"https:\/\/api.w.org\/{rel}","templated":true}]}}

<p>Dos Cuiners Mataró és un restaurant destacat al centre de Mataró, conegut per la seva combinació única de tradició i modernitat en cada plat. Utilitzant ingredients frescos i de gran qualitat, ofereixen una varietat d'opcions que inclouen tapes creatives i plats principals elaborats, tot en un ambient acollidor amb un servei excepcional. Ideal per a sopars romàntics, àpats en família o reunions de negocis, Dos Cuiners Mataró garanteix una experiència culinària inoblidable.</p>
<p>A més, Dos Cuiners Mataró es especialitza en menús personalitzats per a esdeveniments i celebracions, adaptant-se a les necessitats de cada client. Aquest restaurant s'ha convertit en la destinació favorita dels amants del bon menjar a Mataró, atraient tant a locals com a visitants. Visitar Dos Cuiners Mataró és descobrir una experiència gastronòmica única al cor de la ciutat.</p>

<p>La mejor experiencia gastronómica en el corazón de la ciudad</p>
