{"id":10626,"date":"2024-05-13T23:25:07","date_gmt":"2024-05-13T21:25:07","guid":{"rendered":"https:\/?post_type=listing&#038;p=10626"},"modified":"2024-05-18T18:54:02","modified_gmt":"2024-05-18T16:54:02","slug":"la-betana","status":"publish","type":"listing","link":"https:\/\/mataroactiva.net\/cat\/negocio\/la-betana\/","title":{"rendered":"La Betana"},"content":{"rendered":"<p><strong>La BETANA<\/strong> us convida a gaudir d'una experi\u00e8ncia culin\u00e0ria \u00fanica al cor de Matar\u00f3. Degusta plats mediterranis tradicionals amb un toc creatiu i avantguardista, elaborats amb productes frescos de temporada.\n<\/p>\n<p>El seu ambient elegant i acollidor, amb terrassa exterior, us conquerir\u00e0. Reserva amb antelaci\u00f3. T'esperem!<\/p>","protected":false},"excerpt":{"rendered":"<p>La BETANA te invita a disfrutar de una experiencia culinaria \u00fanica en el coraz\u00f3n de Matar\u00f3<\/p>","protected":false},"author":1,"featured_media":10627,"parent":0,"menu_order":0,"comment_status":"open","ping_status":"closed","template":"","class_list":["post-10626","listing","type-listing","status-publish","has-post-thumbnail","hentry","listing_cat-mediterranea","listing_feature-aire-acondicionado","listing_feature-cafe","listing_feature-cenas","listing_feature-terraza","listing_location-cataluna","listing_location-centro","listing_location-mataro","listing_tag-bar","listing_tag-gastrobar"],"_links":{"self":[{"href":"https:\/\/mataroactiva.net\/cat\/wp-json\/wp\/v2\/listing\/10626","targetHints":{"allow":["GET"]}}],"collection":[{"href":"https:\/\/mataroactiva.net\/cat\/wp-json\/wp\/v2\/listing"}],"about":[{"href":"https:\/\/mataroactiva.net\/cat\/wp-json\/wp\/v2\/types\/listing"}],"author":[{"embeddable":true,"href":"https:\/\/mataroactiva.net\/cat\/wp-json\/wp\/v2\/users\/1"}],"replies":[{"embeddable":true,"href":"https:\/\/mataroactiva.net\/cat\/wp-json\/wp\/v2\/comments?post=10626"}],"wp:featuredmedia":[{"embeddable":true,"href":"https:\/\/mataroactiva.net\/cat\/wp-json\/wp\/v2\/media\/10627"}],"wp:attachment":[{"href":"https:\/\/mataroactiva.net\/cat\/wp-json\/wp\/v2\/media?parent=10626"}],"curies":[{"name":"wp","href":"https:\/\/api.w.org\/{rel}","templated":true}]}}

<p><strong>La BETANA</strong> us convida a gaudir d'una experiència culinària única al cor de Mataró. Degusta plats mediterranis tradicionals amb un toc creatiu i avantguardista, elaborats amb productes frescos de temporada.
</p>
<p>El seu ambient elegant i acollidor, amb terrassa exterior, us conquerirà. Reserva amb antelació. T'esperem!</p>

<p>La BETANA te invita a disfrutar de una experiencia culinaria única en el corazón de Mataró</p>
